{"id":371,"date":"2014-02-08T17:33:53","date_gmt":"2014-02-08T17:33:53","guid":{"rendered":"http:\/\/cai-autocaravanismo.pt\/?page_id=371"},"modified":"2022-08-20T13:57:00","modified_gmt":"2022-08-20T13:57:00","slug":"prestacoes-de-servicos","status":"publish","type":"page","link":"https:\/\/cai-autocaravanismo.pt\/?page_id=371","title":{"rendered":"Presta\u00e7\u00f5es de Servi\u00e7os"},"content":{"rendered":"<p><a href=\"http:\/\/cai-autocaravanismo.pt\/wp-content\/uploads\/2014\/02\/LOGO-ASA.jpg\"><img loading=\"lazy\" decoding=\"async\" class=\"aligncenter  wp-image-1012\" src=\"http:\/\/cai-autocaravanismo.pt\/wp-content\/uploads\/2014\/02\/LOGO-ASA.jpg\" alt=\"LOGO ASA\" width=\"291\" height=\"239\" srcset=\"https:\/\/cai-autocaravanismo.pt\/wp-content\/uploads\/2014\/02\/LOGO-ASA.jpg 1394w, https:\/\/cai-autocaravanismo.pt\/wp-content\/uploads\/2014\/02\/LOGO-ASA-300x246.jpg 300w, https:\/\/cai-autocaravanismo.pt\/wp-content\/uploads\/2014\/02\/LOGO-ASA-1024x840.jpg 1024w\" sizes=\"auto, (max-width: 291px) 100vw, 291px\" \/><\/a><\/p>\n<p><strong>ASA PENICHE \u2013 MOTORHOME PARK<\/strong><\/p>\n<p>* ATIVIDADE: \u00c1rea de Servi\u00e7o para Autocaravanas, com pernoita<br \/>\n* SEDE: Rua da Liberdade, n.\u00ba 12 &#8211; Peniche<br \/>\n* COORDENADAS GPS: 39\u00b0 21\u2032 58.590\u2033 N \/ 9\u00b0 22\u2032 45.264\u2033 W<br \/>\n* TELEFONE: (+351) 262 798 177<br \/>\n* PORTAL: &nbsp;<a href=\"http:\/\/www.asapeniche.pt\/\" target=\"_blank\" rel=\"noopener noreferrer\">www.asapeniche.pt<\/a> &amp; <a href=\"http:\/\/www.facebook.com\/asapeniche\/\" target=\"_blank\" rel=\"noopener noreferrer\">www.facebook.com\/asapeniche\/<\/a><br \/>\n* E-MAIL: <a href=\"mailto:asa@asapeniche.pt\">asa@asapeniche.pt<\/a><\/p>\n<p>DESCONTOS:<\/p>\n<p>* 15% NA PERNOITA (n\u00e3o acumul\u00e1vel com qualquer outro desconto ou<br \/>\npromo\u00e7\u00e3o)<\/p>\n<p><a href=\"http:\/\/cai-autocaravanismo.pt\/wp-content\/uploads\/2014\/02\/574964_10152562777850062_1364758256_n1.jpg\"><img loading=\"lazy\" decoding=\"async\" class=\"aligncenter size-full wp-image-593\" title=\"574964_10152562777850062_1364758256_n\" src=\"http:\/\/cai-autocaravanismo.pt\/wp-content\/uploads\/2014\/02\/574964_10152562777850062_1364758256_n1.jpg\" alt=\"\" width=\"200\" height=\"200\" srcset=\"https:\/\/cai-autocaravanismo.pt\/wp-content\/uploads\/2014\/02\/574964_10152562777850062_1364758256_n1.jpg 200w, https:\/\/cai-autocaravanismo.pt\/wp-content\/uploads\/2014\/02\/574964_10152562777850062_1364758256_n1-150x150.jpg 150w, https:\/\/cai-autocaravanismo.pt\/wp-content\/uploads\/2014\/02\/574964_10152562777850062_1364758256_n1-75x75.jpg 75w\" sizes=\"auto, (max-width: 200px) 100vw, 200px\" \/><\/a><\/p>\n<p><strong>Parceria GoCaravaning by JSM<\/strong><\/p>\n<p>Em compras de acess\u00f3rios superiores a 75,00\u20ac, o cliente tem como oferta a lavagem da sua caravana ou autocaravana. Em caso de prescindir da lavagem, ser\u00e1 atribu\u00eddo um cr\u00e9dito de 1 hora de m\u00e3o de obra de oficina. O prazo de validade para qualquer uma destas ofertas \u00e9 de 3 meses e s\u00f3 poder\u00e1 ser descontado a partir do 1.\u00ba dia \u00fatil seguinte ao da data de emiss\u00e3o.<br \/>\nMais informamos que o vale \u00e9 pessoal\/nominal, s\u00f3 podendo ser utilizado pelo propriet\u00e1rio e no ve\u00edculo identificados no vale e n\u00e3o \u00e9 acumul\u00e1vel com outras promo\u00e7\u00f5es em vigor (ou seja, se comprar artigos com desconto, estes ficam fora do acumulado para a campanha).<br \/>\nMorada:&nbsp;&nbsp;<strong>Zona Industrial Cabra Figa, naves 1 e 2, 2635-047 Rio de Mouro Contactos: 913 609 822 \/ 219 258 261<\/strong><\/p>\n<p><a href=\"http:\/\/cai-autocaravanismo.pt\/wp-content\/uploads\/2014\/02\/multipneus.jpg\"><img loading=\"lazy\" decoding=\"async\" class=\"alignleft  wp-image-556\" title=\"multipneus\" src=\"http:\/\/cai-autocaravanismo.pt\/wp-content\/uploads\/2014\/02\/multipneus.jpg\" alt=\"\" width=\"1313\" height=\"314\" srcset=\"https:\/\/cai-autocaravanismo.pt\/wp-content\/uploads\/2014\/02\/multipneus.jpg 2189w, https:\/\/cai-autocaravanismo.pt\/wp-content\/uploads\/2014\/02\/multipneus-300x71.jpg 300w, https:\/\/cai-autocaravanismo.pt\/wp-content\/uploads\/2014\/02\/multipneus-1024x244.jpg 1024w\" sizes=\"auto, (max-width: 1313px) 100vw, 1313px\" \/><\/a><\/p>\n<p><strong>Multipneus, Lda &#8211; Rua Principal, n\u00ba 39E Azervadinha &#8211; Coruche<\/strong><\/p>\n<p>Multipneus a sua Box de Pneus na Azervadinha, Coruche. Mediante a apresenta\u00e7\u00e3o do cart\u00e3o de s\u00f3cio, em todas as marcas de pneus,&nbsp;desconto&nbsp;de&nbsp;30% &nbsp;sobre o pre\u00e7o de tabela. Em servi\u00e7os como: Alinhamentos; Furos; Focagem de Far\u00f3is, desconto de 25% sobre o pre\u00e7o de tabela.<\/p>\n<p>Email: rodripneus@sapo.pt Telefone: 243042592 &nbsp;Telem\u00f3vel: 938588061<\/p>\n<p style=\"text-align: center;\"><a href=\"http:\/\/cai-autocaravanismo.pt\/wp-content\/uploads\/2014\/02\/260403_107133846048461_7906586_n.jpg\"><img loading=\"lazy\" decoding=\"async\" class=\"aligncenter  wp-image-589\" title=\"260403_107133846048461_7906586_n\" src=\"http:\/\/cai-autocaravanismo.pt\/wp-content\/uploads\/2014\/02\/260403_107133846048461_7906586_n.jpg\" alt=\"\" width=\"432\" height=\"289\" srcset=\"https:\/\/cai-autocaravanismo.pt\/wp-content\/uploads\/2014\/02\/260403_107133846048461_7906586_n.jpg 720w, https:\/\/cai-autocaravanismo.pt\/wp-content\/uploads\/2014\/02\/260403_107133846048461_7906586_n-300x200.jpg 300w\" sizes=\"auto, (max-width: 432px) 100vw, 432px\" \/><\/a><\/p>\n<p><span style=\"font-size: 0.95em; line-height: 1.6em; color: #000000;\"><strong>Loja de costura<\/strong><\/span><span style=\"font-size: 0.95em; line-height: 1.6em;\">&nbsp;&#8211; <\/span><strong style=\"font-size: 0.95em; line-height: 1.6em;\">&nbsp;Avenida 9 de Julho 73-C &nbsp;Venda do Pinheiro&nbsp;<\/strong><\/p>\n<p>Situada na Venda do Pinheiro onde executamos todos os trabalhos de costura incluindo estofos e cortinados para remodela\u00e7\u00f5es de autocaravanas. <span style=\"font-size: 0.95em; line-height: 1.6em;\">Decora\u00e7\u00f5es ou restauro de interiores em cortinados e estofos com 10% desconto para s\u00f3cios do CAI. <\/span><\/p>\n<p><span style=\"font-size: 0.95em; line-height: 1.6em;\">Email:&nbsp;<\/span><a style=\"font-size: 0.95em; line-height: 1.6em;\" href=\"mailto:carlos.cidalia@gmail.com\">carlos.cidalia@gmail.com<\/a><span style=\"font-size: 0.95em; line-height: 1.6em;\">&nbsp;Telem\u00f3vel: 962659122<\/span><\/p>\n","protected":false},"excerpt":{"rendered":"<p>ASA PENICHE \u2013 MOTORHOME PARK * ATIVIDADE: \u00c1rea de Servi\u00e7o para Autocaravanas, com pernoita * SEDE: Rua da Liberdade, n.\u00ba 12 &#8211; Peniche * COORDENADAS GPS: 39\u00b0 21\u2032 58.590\u2033 N \/ 9\u00b0 22\u2032 45.264\u2033 W * TELEFONE: (+351) 262 798 177 * PORTAL: &nbsp;www.asapeniche.pt &amp; www.facebook.com\/asapeniche\/ * E-MAIL: asa@asapeniche.pt DESCONTOS: * 15% NA PERNOITA (n\u00e3o &hellip; <a href=\"https:\/\/cai-autocaravanismo.pt\/?page_id=371\" class=\"more-link\">Continuar a ler <span class=\"screen-reader-text\">Presta\u00e7\u00f5es de Servi\u00e7os<\/span><\/a><\/p>\n","protected":false},"author":1,"featured_media":0,"parent":40,"menu_order":2,"comment_status":"closed","ping_status":"open","template":"template-fullwidth.php","meta":{"footnotes":""},"class_list":["post-371","page","type-page","status-publish","hentry"],"_links":{"self":[{"href":"https:\/\/cai-autocaravanismo.pt\/index.php?rest_route=\/wp\/v2\/pages\/371","targetHints":{"allow":["GET"]}}],"collection":[{"href":"https:\/\/cai-autocaravanismo.pt\/index.php?rest_route=\/wp\/v2\/pages"}],"about":[{"href":"https:\/\/cai-autocaravanismo.pt\/index.php?rest_route=\/wp\/v2\/types\/page"}],"author":[{"embeddable":true,"href":"https:\/\/cai-autocaravanismo.pt\/index.php?rest_route=\/wp\/v2\/users\/1"}],"replies":[{"embeddable":true,"href":"https:\/\/cai-autocaravanismo.pt\/index.php?rest_route=%2Fwp%2Fv2%2Fcomments&post=371"}],"version-history":[{"count":23,"href":"https:\/\/cai-autocaravanismo.pt\/index.php?rest_route=\/wp\/v2\/pages\/371\/revisions"}],"predecessor-version":[{"id":1609,"href":"https:\/\/cai-autocaravanismo.pt\/index.php?rest_route=\/wp\/v2\/pages\/371\/revisions\/1609"}],"up":[{"embeddable":true,"href":"https:\/\/cai-autocaravanismo.pt\/index.php?rest_route=\/wp\/v2\/pages\/40"}],"wp:attachment":[{"href":"https:\/\/cai-autocaravanismo.pt\/index.php?rest_route=%2Fwp%2Fv2%2Fmedia&parent=371"}],"curies":[{"name":"wp","href":"https:\/\/api.w.org\/{rel}","templated":true}]}}