{"id":1738,"date":"2025-02-04T21:11:01","date_gmt":"2025-02-04T21:11:01","guid":{"rendered":"https:\/\/cai-autocaravanismo.pt\/?page_id=1738"},"modified":"2025-02-04T21:11:02","modified_gmt":"2025-02-04T21:11:02","slug":"plano-de-actividades-do-cai-ano-2025","status":"publish","type":"page","link":"https:\/\/cai-autocaravanismo.pt\/?page_id=1738","title":{"rendered":"PLANO DE ACTIVIDADES DO CAI &#8211; ANO 2025"},"content":{"rendered":"\n<p><\/p>\n\n\n\n<p>Inspirados na Miss\u00e3o e Valores do CAI e orientados pelos seus objetivos regulamentares, os \u00d3rg\u00e3os Sociais prop\u00f5em levar a cabo um conjunto de atividades que passamos a agrupar em 3 \u00e1reas fundamentais:<\/p>\n\n\n\n<ul class=\"wp-block-list\">\n<li>\u00c1rea Associativa<\/li>\n\n\n\n<li>\u00c1rea do Lazer<\/li>\n\n\n\n<li>\u00c1rea das Parcerias e Rela\u00e7\u00f5es Externas<\/li>\n<\/ul>\n\n\n\n<p><strong>A \u00c1REA ASSOCIATIVA<\/strong><\/p>\n\n\n\n<p>Neste dom\u00ednio, voltado mais para a vida interna do Clube, os \u00d3rg\u00e3os Sociais ir\u00e3o procurar:<\/p>\n\n\n\n<ul class=\"wp-block-list\">\n<li>Dinamizar a participa\u00e7\u00e3o dos s\u00f3cios nas atividades do Clube, apelando \u00e0 sua presen\u00e7a e ao contributo de cada um na sua realiza\u00e7\u00e3o e no \u00eaxito de cada evento.<\/li>\n\n\n\n<li>Gerir os processos de admiss\u00e3o e eventual demiss\u00e3o dos s\u00f3cios efetivos, procurando estabilizar a dimens\u00e3o do CAI num n\u00famero de s\u00f3cios que preserve o seu car\u00e1cter familiar e evite o efeito nocivo da massifica\u00e7\u00e3o.<\/li>\n\n\n\n<li>Sensibilizar os s\u00f3cios para a necessidade de participarem na identifica\u00e7\u00e3o de locais de interesse para a realiza\u00e7\u00e3o dos encontros e envolv\u00ea-los na sua prepara\u00e7\u00e3o, organiza\u00e7\u00e3o e realiza\u00e7\u00e3o<\/li>\n\n\n\n<li>Incrementar a comunica\u00e7\u00e3o com os s\u00f3cios atrav\u00e9s dos canais institucionais ( site, Facebook) e atrav\u00e9s de meios mais diretos e acess\u00edveis como o e-mail e o correio, para que a comunica\u00e7\u00e3o chegue a todos.\u00a0<\/li>\n<\/ul>\n\n\n\n<p><strong>A \u00c1REA DO LAZER<\/strong><\/p>\n\n\n\n<p>Neste segundo dom\u00ednio, procuraremos, com a colabora\u00e7\u00e3o de todos os s\u00f3cios, realizar um conjunto de passeios\/ encontros, tendo em vista a explora\u00e7\u00e3o do nosso patrim\u00f3nio cultural e o conv\u00edvio e estreitamento das rela\u00e7\u00f5es entre todos.<\/p>\n\n\n\n<p>Assim, propomos o agendamento dos seguintes encontros:<\/p>\n\n\n\n<ul class=\"wp-block-list\">\n<li>28 de Fevereiro, 1 e 2 de Mar\u00e7o de 2025, Anivers\u00e1rio do CAI + AG, em Coruche<\/li>\n\n\n\n<li>24,25,26 e 27 de Abril<\/li>\n\n\n\n<li>M\u00eas de Junho<\/li>\n\n\n\n<li>Setembro\/ Outubro<\/li>\n\n\n\n<li>Novembro, Assembleia Geral \u2013 Coruche<\/li>\n\n\n\n<li>Associarmo-nos a uma das atividades do programa de eventos do Munic\u00edpio de Coruche.<\/li>\n<\/ul>\n\n\n\n<p><strong>A AREA DAS PARCERIAS E RELA\u00c7\u00d5ES EXTERNAS<\/strong><\/p>\n\n\n\n<p>Nesta \u00e1rea, pretendemos manter as parcerias j\u00e1 estabelecidas e incrementar as rela\u00e7\u00f5es com novas entidades, a saber:<\/p>\n\n\n\n<ul class=\"wp-block-list\">\n<li>Manter a parceria com a C\u00e2mara Municipal de Coruche, entidade que nos acolhe e patrocina algumas atividades do CAI<\/li>\n\n\n\n<li>Procurar clarificar a situa\u00e7\u00e3o FPA, no sentido de reativar a sua atividade ou diligenciar para a sua extin\u00e7\u00e3o<\/li>\n\n\n\n<li>\u00a0Estabelecer os contactos necess\u00e1rios com os Munic\u00edpios e Autarquias, tendo em vista a sua sensibiliza\u00e7\u00e3o para a melhoria do acolhimento aos autocaravanistas.<\/li>\n\n\n\n<li>Estabelecer contactos com entidades e servi\u00e7os de apoio ao autocaravanismo, no sentido de poderem vir a ser criados protocolos com o CAI, com vista a facilitar a melhoria das condi\u00e7\u00f5es de usufruto dos mesmos por parte dos s\u00f3cios. \u00a0\u00a0\u00a0\u00a0\u00a0\u00a0\u00a0\u00a0\u00a0\u00a0\u00a0\u00a0\u00a0\u00a0\u00a0\u00a0\u00a0\u00a0\u00a0\u00a0<\/li>\n<\/ul>\n\n\n\n<p><strong>&nbsp;A Direc\u00e7\u00e3o<\/strong><\/p>\n","protected":false},"excerpt":{"rendered":"<p>Inspirados na Miss\u00e3o e Valores do CAI e orientados pelos seus objetivos regulamentares, os \u00d3rg\u00e3os Sociais prop\u00f5em levar a cabo um conjunto de atividades que passamos a agrupar em 3 \u00e1reas fundamentais: A \u00c1REA ASSOCIATIVA Neste dom\u00ednio, voltado mais para a vida interna do Clube, os \u00d3rg\u00e3os Sociais ir\u00e3o procurar: A \u00c1REA DO LAZER Neste &hellip; <a href=\"https:\/\/cai-autocaravanismo.pt\/?page_id=1738\" class=\"more-link\">Continuar a ler <span class=\"screen-reader-text\">PLANO DE ACTIVIDADES DO CAI &#8211; ANO 2025<\/span><\/a><\/p>\n","protected":false},"author":1,"featured_media":0,"parent":0,"menu_order":0,"comment_status":"closed","ping_status":"closed","template":"","meta":{"footnotes":""},"class_list":["post-1738","page","type-page","status-publish","hentry"],"_links":{"self":[{"href":"https:\/\/cai-autocaravanismo.pt\/index.php?rest_route=\/wp\/v2\/pages\/1738","targetHints":{"allow":["GET"]}}],"collection":[{"href":"https:\/\/cai-autocaravanismo.pt\/index.php?rest_route=\/wp\/v2\/pages"}],"about":[{"href":"https:\/\/cai-autocaravanismo.pt\/index.php?rest_route=\/wp\/v2\/types\/page"}],"author":[{"embeddable":true,"href":"https:\/\/cai-autocaravanismo.pt\/index.php?rest_route=\/wp\/v2\/users\/1"}],"replies":[{"embeddable":true,"href":"https:\/\/cai-autocaravanismo.pt\/index.php?rest_route=%2Fwp%2Fv2%2Fcomments&post=1738"}],"version-history":[{"count":1,"href":"https:\/\/cai-autocaravanismo.pt\/index.php?rest_route=\/wp\/v2\/pages\/1738\/revisions"}],"predecessor-version":[{"id":1739,"href":"https:\/\/cai-autocaravanismo.pt\/index.php?rest_route=\/wp\/v2\/pages\/1738\/revisions\/1739"}],"wp:attachment":[{"href":"https:\/\/cai-autocaravanismo.pt\/index.php?rest_route=%2Fwp%2Fv2%2Fmedia&parent=1738"}],"curies":[{"name":"wp","href":"https:\/\/api.w.org\/{rel}","templated":true}]}}

<p></p>



<p>Inspirados na Missão e Valores do CAI e orientados pelos seus objetivos regulamentares, os Órgãos Sociais propõem levar a cabo um conjunto de atividades que passamos a agrupar em 3 áreas fundamentais:</p>



<ul class="wp-block-list">
<li>Área Associativa</li>



<li>Área do Lazer</li>



<li>Área das Parcerias e Relações Externas</li>
</ul>



<p><strong>A ÁREA ASSOCIATIVA</strong></p>



<p>Neste domínio, voltado mais para a vida interna do Clube, os Órgãos Sociais irão procurar:</p>



<ul class="wp-block-list">
<li>Dinamizar a participação dos sócios nas atividades do Clube, apelando à sua presença e ao contributo de cada um na sua realização e no êxito de cada evento.</li>



<li>Gerir os processos de admissão e eventual demissão dos sócios efetivos, procurando estabilizar a dimensão do CAI num número de sócios que preserve o seu carácter familiar e evite o efeito nocivo da massificação.</li>



<li>Sensibilizar os sócios para a necessidade de participarem na identificação de locais de interesse para a realização dos encontros e envolvê-los na sua preparação, organização e realização</li>



<li>Incrementar a comunicação com os sócios através dos canais institucionais ( site, Facebook) e através de meios mais diretos e acessíveis como o e-mail e o correio, para que a comunicação chegue a todos. </li>
</ul>



<p><strong>A ÁREA DO LAZER</strong></p>



<p>Neste segundo domínio, procuraremos, com a colaboração de todos os sócios, realizar um conjunto de passeios/ encontros, tendo em vista a exploração do nosso património cultural e o convívio e estreitamento das relações entre todos.</p>



<p>Assim, propomos o agendamento dos seguintes encontros:</p>



<ul class="wp-block-list">
<li>28 de Fevereiro, 1 e 2 de Março de 2025, Aniversário do CAI + AG, em Coruche</li>



<li>24,25,26 e 27 de Abril</li>



<li>Mês de Junho</li>



<li>Setembro/ Outubro</li>



<li>Novembro, Assembleia Geral – Coruche</li>



<li>Associarmo-nos a uma das atividades do programa de eventos do Município de Coruche.</li>
</ul>



<p><strong>A AREA DAS PARCERIAS E RELAÇÕES EXTERNAS</strong></p>



<p>Nesta área, pretendemos manter as parcerias já estabelecidas e incrementar as relações com novas entidades, a saber:</p>



<ul class="wp-block-list">
<li>Manter a parceria com a Câmara Municipal de Coruche, entidade que nos acolhe e patrocina algumas atividades do CAI</li>



<li>Procurar clarificar a situação FPA, no sentido de reativar a sua atividade ou diligenciar para a sua extinção</li>



<li> Estabelecer os contactos necessários com os Municípios e Autarquias, tendo em vista a sua sensibilização para a melhoria do acolhimento aos autocaravanistas.</li>



<li>Estabelecer contactos com entidades e serviços de apoio ao autocaravanismo, no sentido de poderem vir a ser criados protocolos com o CAI, com vista a facilitar a melhoria das condições de usufruto dos mesmos por parte dos sócios.                     </li>
</ul>



<p><strong>&nbsp;A Direcção</strong></p>

<p>Inspirados na Missão e Valores do CAI e orientados pelos seus objetivos regulamentares, os Órgãos Sociais propõem levar a cabo um conjunto de atividades que passamos a agrupar em 3 áreas fundamentais: A ÁREA ASSOCIATIVA Neste domínio, voltado mais para a vida interna do Clube, os Órgãos Sociais irão procurar: A ÁREA DO LAZER Neste &hellip; <a href="https://cai-autocaravanismo.pt/?page_id=1738" class="more-link">Continuar a ler <span class="screen-reader-text">PLANO DE ACTIVIDADES DO CAI &#8211; ANO 2025</span></a></p>
