{"id":16,"date":"2012-11-21T18:16:50","date_gmt":"2012-11-21T18:16:50","guid":{"rendered":"http:\/\/cai-autocaravanismo.pt\/?page_id=16"},"modified":"2025-02-03T23:54:36","modified_gmt":"2025-02-03T23:54:36","slug":"orgaos-sociais","status":"publish","type":"page","link":"https:\/\/cai-autocaravanismo.pt\/?page_id=16","title":{"rendered":"\u00d3rg\u00e3os Sociais"},"content":{"rendered":"\n<p class=\"has-text-align-center\"><strong>Direc\u00e7\u00e3o:<\/strong><\/p>\n\n\n\n<p class=\"has-text-align-center\">\u00a0 \u00a0 \u00a0 \u00a0 \u00a0\u00a0\u00a0 \u00a0 \u00a0 \u00a0 \u00a0 \u00a0Jos\u00e9 Casimiro Real Carvalho \u2013<strong>\u00a0Presidente\u00a0<\/strong><\/p>\n\n\n\n<p class=\"has-text-align-center\">\u00a0 \u00a0 Maria Isabel da Concei\u00e7\u00e3o Baptista Oliveira &#8211; <strong>Vice-Presidente<\/strong><\/p>\n\n\n\n<p class=\"has-text-align-center\">\u00a0 \u00a0 \u00a0 \u00a0 \u00a0 \u00a0Liliana Raquel Ventura Marques \u2013 <strong>Tesoureiro<\/strong><\/p>\n\n\n\n<p class=\"has-text-align-center\">\u00a0 \u00a0 \u00a0 \u00a0 \u00a0 \u00a0Maria Helena Leal Duarte \u2013 <strong>Secret\u00e1rio<\/strong><\/p>\n\n\n\n<p class=\"has-text-align-center\">\u00a0 \u00a0 \u00a0 \u00a0 \u00a0 \u00a0Maria Celeste Guimar\u00e3es dos Santos Prazeres \u2013 <strong>Vogal<\/strong><\/p>\n\n\n\n<div style=\"height:42px\" aria-hidden=\"true\" class=\"wp-block-spacer\"><\/div>\n\n\n\n<p class=\"has-text-align-center\"><strong>Mesa da Assembleia Geral:<\/strong><\/p>\n\n\n\n<p class=\"has-text-align-center\">\u00a0 Daniel Louren\u00e7o Beja\u00a0\u2013 <strong>Presidente<\/strong><\/p>\n\n\n\n<p class=\"has-text-align-center\">\u00a0 \u00a0 Ant\u00f3nio Martins Rodrigues \u2013<strong> 1\u00aa Secret\u00e1rio<\/strong><\/p>\n\n\n\n<p class=\"has-text-align-center\">\u00a0 \u00a0 Nuno Pedro Costa Figueiredo \u2013 <strong>2\u00aa Secret\u00e1rio<\/strong><\/p>\n\n\n\n<div style=\"height:42px\" aria-hidden=\"true\" class=\"wp-block-spacer\"><\/div>\n\n\n\n<p class=\"has-text-align-center\"><strong>Concelho Fiscal:<\/strong><\/p>\n\n\n\n<p class=\"has-text-align-center\">\u00a0 \u00a0Anabela Belo Lopes Carvalho \u00a0\u2013<strong> Presidente<\/strong><\/p>\n\n\n\n<p class=\"has-text-align-center\">\u00a0 \u00a0 \u00a0 \u00a0Cremilde Virg\u00ednia Concei\u00e7\u00e3o Zuzarte\u00a0\u2013<strong> Vogal<\/strong><\/p>\n\n\n\n<p class=\"has-text-align-center\">\u00a0 \u00a0 \u00a0 \u00a0 \u00a0Vera L\u00facia P. S. Coelho  \u2013<strong> Relatora<\/strong><\/p>\n\n\n\n<p><\/p>\n","protected":false},"excerpt":{"rendered":"<p>Direc\u00e7\u00e3o: \u00a0 \u00a0 \u00a0 \u00a0 \u00a0\u00a0\u00a0 \u00a0 \u00a0 \u00a0 \u00a0 \u00a0Jos\u00e9 Casimiro Real Carvalho \u2013\u00a0Presidente\u00a0 \u00a0 \u00a0 Maria Isabel da Concei\u00e7\u00e3o Baptista Oliveira &#8211; Vice-Presidente \u00a0 \u00a0 \u00a0 \u00a0 \u00a0 \u00a0Liliana Raquel Ventura Marques \u2013 Tesoureiro \u00a0 \u00a0 \u00a0 \u00a0 \u00a0 \u00a0Maria Helena Leal Duarte \u2013 Secret\u00e1rio \u00a0 \u00a0 \u00a0 \u00a0 \u00a0 \u00a0Maria Celeste Guimar\u00e3es &hellip; <a href=\"https:\/\/cai-autocaravanismo.pt\/?page_id=16\" class=\"more-link\">Continuar a ler <span class=\"screen-reader-text\">\u00d3rg\u00e3os Sociais<\/span><\/a><\/p>\n","protected":false},"author":1,"featured_media":0,"parent":4,"menu_order":1,"comment_status":"closed","ping_status":"closed","template":"","meta":{"footnotes":""},"class_list":["post-16","page","type-page","status-publish","hentry"],"_links":{"self":[{"href":"https:\/\/cai-autocaravanismo.pt\/index.php?rest_route=\/wp\/v2\/pages\/16","targetHints":{"allow":["GET"]}}],"collection":[{"href":"https:\/\/cai-autocaravanismo.pt\/index.php?rest_route=\/wp\/v2\/pages"}],"about":[{"href":"https:\/\/cai-autocaravanismo.pt\/index.php?rest_route=\/wp\/v2\/types\/page"}],"author":[{"embeddable":true,"href":"https:\/\/cai-autocaravanismo.pt\/index.php?rest_route=\/wp\/v2\/users\/1"}],"replies":[{"embeddable":true,"href":"https:\/\/cai-autocaravanismo.pt\/index.php?rest_route=%2Fwp%2Fv2%2Fcomments&post=16"}],"version-history":[{"count":33,"href":"https:\/\/cai-autocaravanismo.pt\/index.php?rest_route=\/wp\/v2\/pages\/16\/revisions"}],"predecessor-version":[{"id":1730,"href":"https:\/\/cai-autocaravanismo.pt\/index.php?rest_route=\/wp\/v2\/pages\/16\/revisions\/1730"}],"up":[{"embeddable":true,"href":"https:\/\/cai-autocaravanismo.pt\/index.php?rest_route=\/wp\/v2\/pages\/4"}],"wp:attachment":[{"href":"https:\/\/cai-autocaravanismo.pt\/index.php?rest_route=%2Fwp%2Fv2%2Fmedia&parent=16"}],"curies":[{"name":"wp","href":"https:\/\/api.w.org\/{rel}","templated":true}]}}