{"id":153,"date":"2012-11-24T16:29:17","date_gmt":"2012-11-24T16:29:17","guid":{"rendered":"http:\/\/cai-autocaravanismo.pt\/?page_id=153"},"modified":"2025-02-04T21:07:15","modified_gmt":"2025-02-04T21:07:15","slug":"bem-vindo","status":"publish","type":"page","link":"https:\/\/cai-autocaravanismo.pt\/","title":{"rendered":"Bem Vindo"},"content":{"rendered":"\n<p class=\"has-text-align-left\"><strong>Bem vindo \u00e0 p\u00e1gina oficial do CAI-Clube Autocaravanista Itinerante.<\/strong><\/p>\n\n\n\n<p>Fundado h\u00e1 mais de uma d\u00e9cada, com sede em Coruche, o CAI , fiel \u00e0 sua natureza e miss\u00e3o, tem desenvolvido a sua a\u00e7\u00e3o em prol do autocaravanismo ao longo de todo o nosso pa\u00eds.<\/p>\n\n\n\n<p>Baseado nos seus princ\u00edpios e valores e em parceria com a <a href=\"https:\/\/www.fpa-autocaravanismo.pt\/\">FPA-Federa\u00e7\u00e3o Portuguesa de Autocaravanismo<\/a> de que \u00e9 s\u00f3cio fundador, com os Clubes seus cong\u00e9neres e o poder aut\u00e1rquico, O CAI tem procurado dinamizar e dignificar o autocaravanismo itinerante nas suas vertentes social, econ\u00f3mica e ambiental. Internamente, no seio dos seus associados e com todos os autocaravanistas que a n\u00f3s se queiram associar, promovemos eventos ao longo de todo o ano, onde reinam o bem-estar, o conv\u00edvio, o companheirismo e onde se t\u00eam gerado la\u00e7os de Amizade que se constituem complemento das rela\u00e7\u00f5es familiares e at\u00e9 de substitui\u00e7\u00e3o, quando as mesmas j\u00e1 se revelam pouco v\u00e1lidas ou ex\u00edguas.<\/p>\n\n\n\n<p>Perante este retrato colorido aqui projetado, se n\u00e3o nos conhece, convidamo-lo a participar num dos nossos pr\u00f3ximos eventos, para verificar se o mesmo corresponde \u00e0 realidade\u2026<\/p>\n\n\n\n<p>Nesta luta desigual s\u00f3 a uni\u00e3o nos salvar\u00e1\u2026. Por isso, caro Autocaravanista, se se sente s\u00f3 e impotente nesta luta, junte-se a n\u00f3s porque:<\/p>\n\n\n\n<p>&nbsp;&#8230;\u201d chegar\u00e1s mais longe suportado pelo CAI \u201c (Hino do CAI).<\/p>\n\n\n\n<p>Se pretende fazer-se S\u00f3cio do CAI, <a href=\"http:\/\/cai-autocaravanismo.pt\/?page_id=38\">clique aqui.&nbsp;<\/a><\/p>\n\n\n\n<p>Para saberem as nossas actividades programadas para este ano, <a href=\"https:\/\/cai-autocaravanismo.pt\/?page_id=1668\" data-type=\"URL\" data-id=\"https:\/\/cai-autocaravanismo.pt\/?page_id=1668\">clique aqui<\/a>.<\/p>\n\n\n\n<p class=\"has-text-align-left\"><strong>Obrigado a todos os que nos acompanham.<\/strong><\/p>\n\n\n\n<p><\/p>\n\n\n\n<p><\/p>\n\n\n\n<figure class=\"wp-block-gallery has-nested-images columns-default is-cropped wp-block-gallery-1 is-layout-flex wp-block-gallery-is-layout-flex\"><\/figure>\n\n\n\n<p><\/p>\n","protected":false},"excerpt":{"rendered":"<p>Bem vindo \u00e0 p\u00e1gina oficial do CAI-Clube Autocaravanista Itinerante. Fundado h\u00e1 mais de uma d\u00e9cada, com sede em Coruche, o CAI , fiel \u00e0 sua natureza e miss\u00e3o, tem desenvolvido a sua a\u00e7\u00e3o em prol do autocaravanismo ao longo de todo o nosso pa\u00eds. Baseado nos seus princ\u00edpios e valores e em parceria com a &hellip; <a href=\"https:\/\/cai-autocaravanismo.pt\/\" class=\"more-link\">Continuar a ler <span class=\"screen-reader-text\">Bem Vindo<\/span><\/a><\/p>\n","protected":false},"author":1,"featured_media":0,"parent":0,"menu_order":0,"comment_status":"closed","ping_status":"closed","template":"","meta":{"footnotes":""},"class_list":["post-153","page","type-page","status-publish","hentry"],"_links":{"self":[{"href":"https:\/\/cai-autocaravanismo.pt\/index.php?rest_route=\/wp\/v2\/pages\/153","targetHints":{"allow":["GET"]}}],"collection":[{"href":"https:\/\/cai-autocaravanismo.pt\/index.php?rest_route=\/wp\/v2\/pages"}],"about":[{"href":"https:\/\/cai-autocaravanismo.pt\/index.php?rest_route=\/wp\/v2\/types\/page"}],"author":[{"embeddable":true,"href":"https:\/\/cai-autocaravanismo.pt\/index.php?rest_route=\/wp\/v2\/users\/1"}],"replies":[{"embeddable":true,"href":"https:\/\/cai-autocaravanismo.pt\/index.php?rest_route=%2Fwp%2Fv2%2Fcomments&post=153"}],"version-history":[{"count":168,"href":"https:\/\/cai-autocaravanismo.pt\/index.php?rest_route=\/wp\/v2\/pages\/153\/revisions"}],"predecessor-version":[{"id":1737,"href":"https:\/\/cai-autocaravanismo.pt\/index.php?rest_route=\/wp\/v2\/pages\/153\/revisions\/1737"}],"wp:attachment":[{"href":"https:\/\/cai-autocaravanismo.pt\/index.php?rest_route=%2Fwp%2Fv2%2Fmedia&parent=153"}],"curies":[{"name":"wp","href":"https:\/\/api.w.org\/{rel}","templated":true}]}}