{"id":1045,"date":"2017-03-11T09:42:36","date_gmt":"2017-03-11T09:42:36","guid":{"rendered":"http:\/\/cai-autocaravanismo.pt\/?page_id=1045"},"modified":"2020-01-23T19:37:44","modified_gmt":"2020-01-23T19:37:44","slug":"quinta-da-padrela-tabuaco-douro","status":"publish","type":"page","link":"https:\/\/cai-autocaravanismo.pt\/?page_id=1045","title":{"rendered":"Quinta da Padrela &#8211; Tabua\u00e7o &#8211; Douro&#8230;"},"content":{"rendered":"<p>&nbsp;<\/p>\n<p><a href=\"http:\/\/cai-autocaravanismo.pt\/wp-content\/uploads\/2017\/03\/Cartaz-Quinta-da-Padrela.png\"><img loading=\"lazy\" decoding=\"async\" class=\"aligncenter size-full wp-image-1046\" src=\"http:\/\/cai-autocaravanismo.pt\/wp-content\/uploads\/2017\/03\/Cartaz-Quinta-da-Padrela.png\" alt=\"Cartaz Quinta da Padrela\" width=\"360\" height=\"480\" srcset=\"https:\/\/cai-autocaravanismo.pt\/wp-content\/uploads\/2017\/03\/Cartaz-Quinta-da-Padrela.png 360w, https:\/\/cai-autocaravanismo.pt\/wp-content\/uploads\/2017\/03\/Cartaz-Quinta-da-Padrela-225x300.png 225w\" sizes=\"auto, (max-width: 360px) 100vw, 360px\" \/><\/a><\/p>\n<p><strong>Dia 28 de Abril de 2017<\/strong><\/p>\n<p><strong>18h00<\/strong> \u2013 Chegada dos participantes \u00e0 Quinta da Padrela, Tabua\u00e7o<\/p>\n<p><strong>Coordenadas:<\/strong><\/p>\n<p><strong>Dia 29 de Abril de 2017<\/strong><\/p>\n<p>Manh\u00e3 livre, pois os participantes ainda estar\u00e3o a chegar.<\/p>\n<p>Almo\u00e7o Livre<\/p>\n<p><strong>15h00 \u2013 <\/strong>Visita \u00e0 Quinta da Padrela com Prova de vinhos e Degusta\u00e7\u00e3o de produtos regionais.<\/p>\n<p><strong>19h30 &#8211; <\/strong>Jantar na Quinta dos Magusteiros<\/p>\n<p><strong>Aperitivos: <\/strong>Bolinhos de bacalhau, riss\u00f3is de carne, camar\u00e3o e leit\u00e3o, Chamu\u00e7a, salpic\u00e3o, chouri\u00e7a, alheira, queijos variados<\/p>\n<p><strong>Prato \u2013 <\/strong>Cabrito Assado ou Lombinhos de vitela. (<strong>TEM QUE ESCOLHER UM PRATO E INFORMAR NA INSCRI\u00c7\u00c3O)<\/strong><\/p>\n<p><strong>Sobremesa \u2013 <\/strong>V\u00e1rios doces, saldada de frutas, fruta natural.<\/p>\n<p><strong>Bebidas:<\/strong> Vinho Branco e Tinto, sumo de laranja, coca-cola, cerveja, \u00e1guas e Caf\u00e9.<\/p>\n<p>&nbsp;<\/p>\n<p><strong>Dia 30 de Abril de 2017<\/strong><\/p>\n<p><strong>10h00-<\/strong> partida da Quinta da Padrela no autocarro da CMT<\/p>\n<p><strong>10h15-<\/strong> Recep\u00e7\u00e3o dos participantes autocaravanistas- CAI solid\u00e1rio pelo Sr. Presidente da<\/p>\n<p>C\u00e2mara Municipal de Tabua\u00e7o e entrega dos donativos.<\/p>\n<p><strong>11h00-<\/strong> Visita ao museu Midu<\/p>\n<p><strong>11h30-<\/strong> Vista ao Museu Abel Botelho<\/p>\n<p><strong>13h00-<\/strong> Regresso \u00e1 Quinta da Padrela &#8211; Almo\u00e7o livre<\/p>\n<p><strong>15h00-<\/strong> Sa\u00edda de autocarro para Visita a Barcos- Aldeia Vinhateira, e \u00e1 Nossa Senhora do Sabroso com guia da C\u00e2mara<\/p>\n<p>Municipal de Tabua\u00e7o<\/p>\n<p><strong>16h30-<\/strong> Visita \u00e1 Granja do Tedo com guia da C\u00e2mara Municipal de Tabua\u00e7o<\/p>\n<p>Jantar Livre<\/p>\n<p>&nbsp;<\/p>\n<p><strong>Dia 1 de Maio de 2017<\/strong><\/p>\n<p>Manh\u00e3 Livre<\/p>\n<p>Almo\u00e7o, caso as condi\u00e7\u00f5es climat\u00e9ricas o permitam, haver\u00e1 pickincai.<\/p>\n<p>&nbsp;<\/p>\n<p>Pre\u00e7o por adulto S\u00f3cio- 31\u20ac<br \/>\nPre\u00e7o por adulto n\u00e3o S\u00f3cio \u2013 35\u20ac<br \/>\nPre\u00e7o crian\u00e7as dos 5 aos 10 anos \u2013 16\u20ac<\/p>\n<p>(Programa sujeito a altera\u00e7\u00f5es\u2026)<\/p>\n<p>&nbsp;<br \/>\n<strong>PS: A todos os inscritos obrigatoriedade de cumprir as regras da pr\u00e1tica do autocaravanismo<\/strong><\/p>\n<p>&nbsp;<\/p>\n<p>&nbsp;<\/p>\n","protected":false},"excerpt":{"rendered":"<p>&nbsp; Dia 28 de Abril de 2017 18h00 \u2013 Chegada dos participantes \u00e0 Quinta da Padrela, Tabua\u00e7o Coordenadas: Dia 29 de Abril de 2017 Manh\u00e3 livre, pois os participantes ainda estar\u00e3o a chegar. Almo\u00e7o Livre 15h00 \u2013 Visita \u00e0 Quinta da Padrela com Prova de vinhos e Degusta\u00e7\u00e3o de produtos regionais. 19h30 &#8211; Jantar na &hellip; <a href=\"https:\/\/cai-autocaravanismo.pt\/?page_id=1045\" class=\"more-link\">Continuar a ler <span class=\"screen-reader-text\">Quinta da Padrela &#8211; Tabua\u00e7o &#8211; Douro&#8230;<\/span><\/a><\/p>\n","protected":false},"author":1,"featured_media":0,"parent":344,"menu_order":60,"comment_status":"open","ping_status":"closed","template":"","meta":{"footnotes":""},"class_list":["post-1045","page","type-page","status-publish","hentry"],"_links":{"self":[{"href":"https:\/\/cai-autocaravanismo.pt\/index.php?rest_route=\/wp\/v2\/pages\/1045","targetHints":{"allow":["GET"]}}],"collection":[{"href":"https:\/\/cai-autocaravanismo.pt\/index.php?rest_route=\/wp\/v2\/pages"}],"about":[{"href":"https:\/\/cai-autocaravanismo.pt\/index.php?rest_route=\/wp\/v2\/types\/page"}],"author":[{"embeddable":true,"href":"https:\/\/cai-autocaravanismo.pt\/index.php?rest_route=\/wp\/v2\/users\/1"}],"replies":[{"embeddable":true,"href":"https:\/\/cai-autocaravanismo.pt\/index.php?rest_route=%2Fwp%2Fv2%2Fcomments&post=1045"}],"version-history":[{"count":1,"href":"https:\/\/cai-autocaravanismo.pt\/index.php?rest_route=\/wp\/v2\/pages\/1045\/revisions"}],"predecessor-version":[{"id":1047,"href":"https:\/\/cai-autocaravanismo.pt\/index.php?rest_route=\/wp\/v2\/pages\/1045\/revisions\/1047"}],"up":[{"embeddable":true,"href":"https:\/\/cai-autocaravanismo.pt\/index.php?rest_route=\/wp\/v2\/pages\/344"}],"wp:attachment":[{"href":"https:\/\/cai-autocaravanismo.pt\/index.php?rest_route=%2Fwp%2Fv2%2Fmedia&parent=1045"}],"curies":[{"name":"wp","href":"https:\/\/api.w.org\/{rel}","templated":true}]}}

Quinta da Padrela &#8211; Tabuaço &#8211; Douro&#8230;

<p>&nbsp;</p>
<p><a href="http://cai-autocaravanismo.pt/wp-content/uploads/2017/03/Cartaz-Quinta-da-Padrela.png"><img loading="lazy" decoding="async" class="aligncenter size-full wp-image-1046" src="http://cai-autocaravanismo.pt/wp-content/uploads/2017/03/Cartaz-Quinta-da-Padrela.png" alt="Cartaz Quinta da Padrela" width="360" height="480" srcset="https://cai-autocaravanismo.pt/wp-content/uploads/2017/03/Cartaz-Quinta-da-Padrela.png 360w, https://cai-autocaravanismo.pt/wp-content/uploads/2017/03/Cartaz-Quinta-da-Padrela-225x300.png 225w" sizes="auto, (max-width: 360px) 100vw, 360px" /></a></p>
<p><strong>Dia 28 de Abril de 2017</strong></p>
<p><strong>18h00</strong> – Chegada dos participantes à Quinta da Padrela, Tabuaço</p>
<p><strong>Coordenadas:</strong></p>
<p><strong>Dia 29 de Abril de 2017</strong></p>
<p>Manhã livre, pois os participantes ainda estarão a chegar.</p>
<p>Almoço Livre</p>
<p><strong>15h00 – </strong>Visita à Quinta da Padrela com Prova de vinhos e Degustação de produtos regionais.</p>
<p><strong>19h30 &#8211; </strong>Jantar na Quinta dos Magusteiros</p>
<p><strong>Aperitivos: </strong>Bolinhos de bacalhau, rissóis de carne, camarão e leitão, Chamuça, salpicão, chouriça, alheira, queijos variados</p>
<p><strong>Prato – </strong>Cabrito Assado ou Lombinhos de vitela. (<strong>TEM QUE ESCOLHER UM PRATO E INFORMAR NA INSCRIÇÃO)</strong></p>
<p><strong>Sobremesa – </strong>Vários doces, saldada de frutas, fruta natural.</p>
<p><strong>Bebidas:</strong> Vinho Branco e Tinto, sumo de laranja, coca-cola, cerveja, águas e Café.</p>
<p>&nbsp;</p>
<p><strong>Dia 30 de Abril de 2017</strong></p>
<p><strong>10h00-</strong> partida da Quinta da Padrela no autocarro da CMT</p>
<p><strong>10h15-</strong> Recepção dos participantes autocaravanistas- CAI solidário pelo Sr. Presidente da</p>
<p>Câmara Municipal de Tabuaço e entrega dos donativos.</p>
<p><strong>11h00-</strong> Visita ao museu Midu</p>
<p><strong>11h30-</strong> Vista ao Museu Abel Botelho</p>
<p><strong>13h00-</strong> Regresso á Quinta da Padrela &#8211; Almoço livre</p>
<p><strong>15h00-</strong> Saída de autocarro para Visita a Barcos- Aldeia Vinhateira, e á Nossa Senhora do Sabroso com guia da Câmara</p>
<p>Municipal de Tabuaço</p>
<p><strong>16h30-</strong> Visita á Granja do Tedo com guia da Câmara Municipal de Tabuaço</p>
<p>Jantar Livre</p>
<p>&nbsp;</p>
<p><strong>Dia 1 de Maio de 2017</strong></p>
<p>Manhã Livre</p>
<p>Almoço, caso as condições climatéricas o permitam, haverá pickincai.</p>
<p>&nbsp;</p>
<p>Preço por adulto Sócio- 31€<br />
Preço por adulto não Sócio – 35€<br />
Preço crianças dos 5 aos 10 anos – 16€</p>
<p>(Programa sujeito a alterações…)</p>
<p>&nbsp;<br />
<strong>PS: A todos os inscritos obrigatoriedade de cumprir as regras da prática do autocaravanismo</strong></p>
<p>&nbsp;</p>
<p>&nbsp;</p>

<p>&nbsp; Dia 28 de Abril de 2017 18h00 – Chegada dos participantes à Quinta da Padrela, Tabuaço Coordenadas: Dia 29 de Abril de 2017 Manhã livre, pois os participantes ainda estarão a chegar. Almoço Livre 15h00 – Visita à Quinta da Padrela com Prova de vinhos e Degustação de produtos regionais. 19h30 &#8211; Jantar na &hellip; <a href="https://cai-autocaravanismo.pt/?page_id=1045" class="more-link">Continuar a ler <span class="screen-reader-text">Quinta da Padrela &#8211; Tabuaço &#8211; Douro&#8230;</span></a></p>
