{"id":377,"date":"2014-02-08T17:39:58","date_gmt":"2014-02-08T17:39:58","guid":{"rendered":"http:\/\/cai-autocaravanismo.pt\/?page_id=377"},"modified":"2022-08-20T13:57:19","modified_gmt":"2022-08-20T13:57:19","slug":"comercio","status":"publish","type":"page","link":"http:\/\/cai-autocaravanismo.pt\/?page_id=377","title":{"rendered":"Com\u00e9rcio"},"content":{"rendered":"<p style=\"text-align: center;\"><a href=\"http:\/\/cai-autocaravanismo.pt\/wp-content\/uploads\/2014\/02\/Logotipo-CCBSEnergia.png\"><img loading=\"lazy\" decoding=\"async\" class=\"aligncenter size-full wp-image-885\" src=\"http:\/\/cai-autocaravanismo.pt\/wp-content\/uploads\/2014\/02\/Logotipo-CCBSEnergia.png\" alt=\"Logotipo CCBSEnergia\" width=\"600\" height=\"500\" srcset=\"http:\/\/cai-autocaravanismo.pt\/wp-content\/uploads\/2014\/02\/Logotipo-CCBSEnergia.png 600w, http:\/\/cai-autocaravanismo.pt\/wp-content\/uploads\/2014\/02\/Logotipo-CCBSEnergia-300x250.png 300w\" sizes=\"auto, (max-width: 600px) 100vw, 600px\" \/><\/a><\/p>\n<p style=\"text-align: left;\">Mediante a apresenta\u00e7\u00e3o de cart\u00e3o de S\u00f3cio com quotas em dia, os s\u00f3cios disp\u00f5em dos seguintes descontos:<\/p>\n<p style=\"text-align: justify;\"><strong>5% de Desconto<\/strong> (Todos os materiais e equipamentos para energia solar fotovoltaica, Excepto cabos e fichas.)<br \/>\n<strong>10% de Desconto<\/strong> (Inversores de corrente Power Inverter)<br \/>\nPrazo: At\u00e9 informa\u00e7\u00e3o em contr\u00e1rio<\/p>\n<p style=\"text-align: left;\"><span style=\"text-decoration: underline;\"><strong>Contactos da CCBS Energia:<\/strong><\/span><\/p>\n<p style=\"text-align: justify;\">Actividade: Comercializa\u00e7\u00e3o e instala\u00e7\u00e3o de produtos para energia solar<br \/>\nSede: Rua Viana da Mota N\u00ba 53 1900-366 Lisboa (n\u00e3o temos atividade nesta morada)<br \/>\nTelefone: (+351) 218451852 \/ (+351) 968600170<br \/>\nPortal: <a href=\"http:\/\/www.ccbs-energia.pt\/\">www.ccbs-energia.pt<\/a><br \/>\nE-mail: energia@ccbs.pt<br \/>\nDelega\u00e7\u00f5es (loja): Rua Professor Mira Fernandes, Lote 40, Loja esquerda 1900-379 Lisboa<\/p>\n","protected":false},"excerpt":{"rendered":"<p>Mediante a apresenta\u00e7\u00e3o de cart\u00e3o de S\u00f3cio com quotas em dia, os s\u00f3cios disp\u00f5em dos seguintes descontos: 5% de Desconto (Todos os materiais e equipamentos para energia solar fotovoltaica, Excepto cabos e fichas.) 10% de Desconto (Inversores de corrente Power Inverter) Prazo: At\u00e9 informa\u00e7\u00e3o em contr\u00e1rio Contactos da CCBS Energia: Actividade: Comercializa\u00e7\u00e3o e instala\u00e7\u00e3o de &hellip; <a href=\"http:\/\/cai-autocaravanismo.pt\/?page_id=377\" class=\"more-link\">Continuar a ler <span class=\"screen-reader-text\">Com\u00e9rcio<\/span><\/a><\/p>\n","protected":false},"author":1,"featured_media":0,"parent":40,"menu_order":3,"comment_status":"closed","ping_status":"open","template":"template-fullwidth.php","meta":{"footnotes":""},"class_list":["post-377","page","type-page","status-publish","hentry"],"_links":{"self":[{"href":"http:\/\/cai-autocaravanismo.pt\/index.php?rest_route=\/wp\/v2\/pages\/377","targetHints":{"allow":["GET"]}}],"collection":[{"href":"http:\/\/cai-autocaravanismo.pt\/index.php?rest_route=\/wp\/v2\/pages"}],"about":[{"href":"http:\/\/cai-autocaravanismo.pt\/index.php?rest_route=\/wp\/v2\/types\/page"}],"author":[{"embeddable":true,"href":"http:\/\/cai-autocaravanismo.pt\/index.php?rest_route=\/wp\/v2\/users\/1"}],"replies":[{"embeddable":true,"href":"http:\/\/cai-autocaravanismo.pt\/index.php?rest_route=%2Fwp%2Fv2%2Fcomments&post=377"}],"version-history":[{"count":39,"href":"http:\/\/cai-autocaravanismo.pt\/index.php?rest_route=\/wp\/v2\/pages\/377\/revisions"}],"predecessor-version":[{"id":1547,"href":"http:\/\/cai-autocaravanismo.pt\/index.php?rest_route=\/wp\/v2\/pages\/377\/revisions\/1547"}],"up":[{"embeddable":true,"href":"http:\/\/cai-autocaravanismo.pt\/index.php?rest_route=\/wp\/v2\/pages\/40"}],"wp:attachment":[{"href":"http:\/\/cai-autocaravanismo.pt\/index.php?rest_route=%2Fwp%2Fv2%2Fmedia&parent=377"}],"curies":[{"name":"wp","href":"https:\/\/api.w.org\/{rel}","templated":true}]}}