{"id":1646,"date":"2023-11-07T21:34:00","date_gmt":"2023-11-07T21:34:00","guid":{"rendered":"http:\/\/cai-autocaravanismo.pt\/?page_id=1646"},"modified":"2023-11-07T22:01:31","modified_gmt":"2023-11-07T22:01:31","slug":"o-cai-vai-a-salvaterra-de-magos","status":"publish","type":"page","link":"http:\/\/cai-autocaravanismo.pt\/?page_id=1646","title":{"rendered":"O CAI VAI A SALVATERRA DE MAGOS.."},"content":{"rendered":"\n<figure class=\"wp-block-image size-full\"><a href=\"http:\/\/cai-autocaravanismo.pt\/wp-content\/uploads\/2023\/11\/imagem_2023-11-07_213344704.png\"><img loading=\"lazy\" decoding=\"async\" width=\"1019\" height=\"718\" src=\"http:\/\/cai-autocaravanismo.pt\/wp-content\/uploads\/2023\/11\/imagem_2023-11-07_213344704.png\" alt=\"\" class=\"wp-image-1647\" srcset=\"http:\/\/cai-autocaravanismo.pt\/wp-content\/uploads\/2023\/11\/imagem_2023-11-07_213344704.png 1019w, http:\/\/cai-autocaravanismo.pt\/wp-content\/uploads\/2023\/11\/imagem_2023-11-07_213344704-300x211.png 300w, http:\/\/cai-autocaravanismo.pt\/wp-content\/uploads\/2023\/11\/imagem_2023-11-07_213344704-768x541.png 768w\" sizes=\"auto, (max-width: 1019px) 100vw, 1019px\" \/><\/a><\/figure>\n\n\n\n<p><\/p>\n\n\n\n<p><strong><u>Dia 24 de Novembro \u2013 Sexta \u2013Feira<\/u><\/strong><\/p>\n\n\n\n<p><strong>18:00<\/strong>\u2013 Recep\u00e7\u00e3o dos participantes \u2013 Coordenadas:<\/p>\n\n\n\n<p>Parque da Pra\u00e7a de Touros de Salvaterra, bem como \u00c1rea de Servi\u00e7o<\/p>\n\n\n\n<p><strong><u>Dia 25 de Novembro \u2013 S\u00e1bado<\/u><\/strong><\/p>\n\n\n\n<p><strong>9:30 \u2013 <\/strong>Visita Igreja Matriz de Salvaterra,<\/p>\n\n\n\n<p><strong>10:30 \u2013 <\/strong>Visita \u00e1 Falcoaria Real,<\/p>\n\n\n\n<p><strong>13:00<\/strong> \u2013 Almo\u00e7o no restaurante \u201cP\u00e1teo dos Leit\u00f5es.\u201d<\/p>\n\n\n\n<p><strong>Ementa: <\/strong>Entradas, p\u00e3o manteigas, pat\u00e9s e queijo.<\/p>\n\n\n\n<p><strong>Prato:<\/strong> Roj\u00f5es com migas<\/p>\n\n\n\n<p><strong>Bebidas:<\/strong> \u00c1gua, Vinho, refrigerantes, sangria caseira e caf\u00e9. (N\u00e3o inclu\u00eddo cerveja nem bebidas espirituosas)<\/p>\n\n\n\n<p><strong>Sobremesa:<\/strong> Mousse de chocolate ou Doce da casa.<\/p>\n\n\n\n<p><strong>15:30- <\/strong>Assembleia Geral do CAI no Audit\u00f3rio Municipal do Cais da Vala.<\/p>\n\n\n\n<p><strong><u>Dia 26 de Novembro \u2013 Domingo<\/u><\/strong><\/p>\n\n\n\n<p><strong>9:30<\/strong> \u2013 Partida nas autocaravanas para o Escaroupim<\/p>\n\n\n\n<p><strong>10:30 <\/strong>&#8211; Visita ao Museu Escaroupim, Rio e Casa Tipica Avieira<\/p>\n\n\n\n<p><strong>13:00<\/strong>\u2013 Almo\u00e7o livre<\/p>\n\n\n\n<p>Pre\u00e7o por adulto S\u00f3cio- 20\u20ac<br>Pre\u00e7o por adulto n\u00e3o S\u00f3cio \u2013 24\u20ac<br>Pre\u00e7o crian\u00e7as dos 3 aos 10 &nbsp;<a><\/a>anos &#8211; 10\u20ac<\/p>\n\n\n\n<p>(Programa sujeito a altera\u00e7\u00f5es\u2026)<\/p>\n\n\n\n<p><br><strong><u>PS: A todos os inscritos obrigatoriedade de cumprir as regras da pr\u00e1tica do autocaravanismo<\/u><\/strong><\/p>\n","protected":false},"excerpt":{"rendered":"<p>Dia 24 de Novembro \u2013 Sexta \u2013Feira 18:00\u2013 Recep\u00e7\u00e3o dos participantes \u2013 Coordenadas: Parque da Pra\u00e7a de Touros de Salvaterra, bem como \u00c1rea de Servi\u00e7o Dia 25 de Novembro \u2013 S\u00e1bado 9:30 \u2013 Visita Igreja Matriz de Salvaterra, 10:30 \u2013 Visita \u00e1 Falcoaria Real, 13:00 \u2013 Almo\u00e7o no restaurante \u201cP\u00e1teo dos Leit\u00f5es.\u201d Ementa: Entradas, p\u00e3o &hellip; <a href=\"http:\/\/cai-autocaravanismo.pt\/?page_id=1646\" class=\"more-link\">Continuar a ler <span class=\"screen-reader-text\">O CAI VAI A SALVATERRA DE MAGOS..<\/span><\/a><\/p>\n","protected":false},"author":1,"featured_media":0,"parent":0,"menu_order":0,"comment_status":"closed","ping_status":"closed","template":"","meta":{"footnotes":""},"class_list":["post-1646","page","type-page","status-publish","hentry"],"_links":{"self":[{"href":"http:\/\/cai-autocaravanismo.pt\/index.php?rest_route=\/wp\/v2\/pages\/1646","targetHints":{"allow":["GET"]}}],"collection":[{"href":"http:\/\/cai-autocaravanismo.pt\/index.php?rest_route=\/wp\/v2\/pages"}],"about":[{"href":"http:\/\/cai-autocaravanismo.pt\/index.php?rest_route=\/wp\/v2\/types\/page"}],"author":[{"embeddable":true,"href":"http:\/\/cai-autocaravanismo.pt\/index.php?rest_route=\/wp\/v2\/users\/1"}],"replies":[{"embeddable":true,"href":"http:\/\/cai-autocaravanismo.pt\/index.php?rest_route=%2Fwp%2Fv2%2Fcomments&post=1646"}],"version-history":[{"count":2,"href":"http:\/\/cai-autocaravanismo.pt\/index.php?rest_route=\/wp\/v2\/pages\/1646\/revisions"}],"predecessor-version":[{"id":1654,"href":"http:\/\/cai-autocaravanismo.pt\/index.php?rest_route=\/wp\/v2\/pages\/1646\/revisions\/1654"}],"wp:attachment":[{"href":"http:\/\/cai-autocaravanismo.pt\/index.php?rest_route=%2Fwp%2Fv2%2Fmedia&parent=1646"}],"curies":[{"name":"wp","href":"https:\/\/api.w.org\/{rel}","templated":true}]}}