{"id":1582,"date":"2022-11-24T15:04:52","date_gmt":"2022-11-24T15:04:52","guid":{"rendered":"http:\/\/cai-autocaravanismo.pt\/?page_id=1582"},"modified":"2023-11-22T20:00:59","modified_gmt":"2023-11-22T20:00:59","slug":"plano-de-actividades-do-cai-2023","status":"publish","type":"page","link":"http:\/\/cai-autocaravanismo.pt\/?page_id=1582","title":{"rendered":"PLANO DE ACTIVIDADES DO CAI &#8211; 2023"},"content":{"rendered":"\n<p>PLANO DE ACTIVIDADES DO CAI &#8211; ANO 2023<\/p>\n\n\n\n<p>Ancorada nos fins estatut\u00e1rios e objetivos regulamentares do CAI e guiada pelo Plano de A\u00e7\u00e3o do mandato dos atuais \u00d3rg\u00e3os Sociais, a Direc\u00e7\u00e3o prop\u00f5e-se prosseguir a sua ac\u00e7\u00e3o assente em 3 eixos fundamentais:<\/p>\n\n\n\n<ul class=\"wp-block-list\">\n<li>O Eixo Associativo<\/li>\n\n\n\n<li>O Eixo do Lazer<\/li>\n\n\n\n<li>O Eixo das Parcerias e Rela\u00e7\u00f5es Externas.<\/li>\n<\/ul>\n\n\n\n<p>O EIXO ASSOCIATIVO<\/p>\n\n\n\n<p>Neste dom\u00ednio, a Direc\u00e7\u00e3o ir\u00e1 procurar dinamizar as rela\u00e7\u00f5es entre todos os s\u00f3cios e promover a participa\u00e7\u00e3o de todos no desenvolvimento e consolida\u00e7\u00e3o do Clube, propondo-se designadamente:<\/p>\n\n\n\n<ul class=\"wp-block-list\">\n<li>Continuar a mobilizar os S\u00f3cios para a participa\u00e7\u00e3o nas atividades do Clube, tendo em vista a promo\u00e7\u00e3o do seu bem-estar e qualidade de vida.<\/li>\n\n\n\n<li>Manter a participa\u00e7\u00e3o na discuss\u00e3o dos assuntos da Federa\u00e7\u00e3o Portuguesa de Autocaravanismo, em ordem a que esta se converta no forum cimeiro de defesa das causas do autocaravanismo.<\/li>\n\n\n\n<li>Procurar aprofundar o conhecimento dos recursos e compet\u00eancias dos S\u00f3cios do Clube, a fim de estes poderem ser \u00fateis \u00e0 satisfa\u00e7\u00e3o de eventuais necessidades individuais dos s\u00f3cios e \u00e0s necessidades coletivas do Clube,nomeadamente no dom\u00ednio da sua gest\u00e3o.<\/li>\n\n\n\n<li>Manter e dinamizar o site, facebook e canal Youtube do CAI.<\/li>\n\n\n\n<li>Manter e revitalizar os projectos: CAI Solid\u00e1rio e CAI Escolinhas.<\/li>\n\n\n\n<li>Providenciar protocolos de interesse para os s\u00f3cios.<\/li>\n<\/ul>\n\n\n\n<p>O EIXO DO LAZER<\/p>\n\n\n\n<p>Neste vector, a Direc\u00e7\u00e3o prop\u00f5e-se, realizar um conjunto de Passeios\/Encontros no decurso do ano, a saber:<\/p>\n\n\n\n<ol class=\"wp-block-list\" type=\"1\">\n<li>Nauticampo 2023. 8 a 12 de Fevereiro.<\/li>\n\n\n\n<li>No m\u00eas de Mar\u00e7o, um Encontro para assinalar o 13\u00ba Anivers\u00e1rio do CAI, dias 3, 4 e 5 (Coruche).<\/li>\n\n\n\n<li>Em Abril, Encontro\/passeio, dias, 28, 29, 30 e 1 de Maio (Pinhel). (CANCELADO POR QUEST\u00d5ES DE LOGISTICA)<\/li>\n\n\n\n<li>Nos dias 2,3 e 4 de Junho, Brejos de Azeit\u00e3o.<\/li>\n\n\n\n<li>Em Setembro, um reencontro p\u00f3s-f\u00e9rias, nos dias 22, 23 e 24 de Setembro, em Elvas.<\/li>\n\n\n\n<li>No m\u00eas de Novembro, encontro nos dias 24, 25 e 26 Salvaterra<\/li>\n\n\n\n<li>Em Dezembro, encontro nos dias, 7, 8, 9 e 10 Algarve (CANCELADO)<\/li>\n<\/ol>\n\n\n\n<p>O EIXO DAS PARCERIAS E RELA\u00c7\u00d5ES EXTERNAS<\/p>\n\n\n\n<p>Neste terceiro dom\u00ednio, a Dire\u00e7\u00e3o prop\u00f5e-se assumir um papel mais proativo na busca de solu\u00e7\u00f5es para alguns problemas em torno do autocaravanismo, a saber:<\/p>\n\n\n\n<ul class=\"wp-block-list\">\n<li>Promover uma discuss\u00e3o s\u00e9ria entre os Clubes e a FPA sobre as diferentes propostas e modelos de projetos de implementa\u00e7\u00e3o de ASA.s, de modo a consensualizar um modelo \u00fanico a ser tutelado pela FPA.<ul><li>Caso n\u00e3o se chegue ao desejado consenso, divulgar e disseminar o projeto elaborado pelo CAI junto de Autarquias e outras entidades potencialmente interessadas e assegurar a assessoria t\u00e9cnica necess\u00e1ria \u00e0 sua implementa\u00e7\u00e3o.<\/li><\/ul><ul><li>Participar na inaugura\u00e7\u00e3o de novas ASA.s e noutros eventos de interesse para o autocaravanismo.<\/li><\/ul>\n<ul class=\"wp-block-list\">\n<li>Promover a celebra\u00e7\u00e3o de protocolos com outras entidades de interesse para os S\u00f3cios.<\/li>\n<\/ul>\n<\/li>\n<\/ul>\n\n\n\n<p>A Direc\u00e7\u00e3o<\/p>\n","protected":false},"excerpt":{"rendered":"<p>PLANO DE ACTIVIDADES DO CAI &#8211; ANO 2023 Ancorada nos fins estatut\u00e1rios e objetivos regulamentares do CAI e guiada pelo Plano de A\u00e7\u00e3o do mandato dos atuais \u00d3rg\u00e3os Sociais, a Direc\u00e7\u00e3o prop\u00f5e-se prosseguir a sua ac\u00e7\u00e3o assente em 3 eixos fundamentais: O EIXO ASSOCIATIVO Neste dom\u00ednio, a Direc\u00e7\u00e3o ir\u00e1 procurar dinamizar as rela\u00e7\u00f5es entre todos &hellip; <a href=\"http:\/\/cai-autocaravanismo.pt\/?page_id=1582\" class=\"more-link\">Continuar a ler <span class=\"screen-reader-text\">PLANO DE ACTIVIDADES DO CAI &#8211; 2023<\/span><\/a><\/p>\n","protected":false},"author":1,"featured_media":0,"parent":0,"menu_order":0,"comment_status":"closed","ping_status":"closed","template":"","meta":{"footnotes":""},"class_list":["post-1582","page","type-page","status-publish","hentry"],"_links":{"self":[{"href":"http:\/\/cai-autocaravanismo.pt\/index.php?rest_route=\/wp\/v2\/pages\/1582","targetHints":{"allow":["GET"]}}],"collection":[{"href":"http:\/\/cai-autocaravanismo.pt\/index.php?rest_route=\/wp\/v2\/pages"}],"about":[{"href":"http:\/\/cai-autocaravanismo.pt\/index.php?rest_route=\/wp\/v2\/types\/page"}],"author":[{"embeddable":true,"href":"http:\/\/cai-autocaravanismo.pt\/index.php?rest_route=\/wp\/v2\/users\/1"}],"replies":[{"embeddable":true,"href":"http:\/\/cai-autocaravanismo.pt\/index.php?rest_route=%2Fwp%2Fv2%2Fcomments&post=1582"}],"version-history":[{"count":2,"href":"http:\/\/cai-autocaravanismo.pt\/index.php?rest_route=\/wp\/v2\/pages\/1582\/revisions"}],"predecessor-version":[{"id":1658,"href":"http:\/\/cai-autocaravanismo.pt\/index.php?rest_route=\/wp\/v2\/pages\/1582\/revisions\/1658"}],"wp:attachment":[{"href":"http:\/\/cai-autocaravanismo.pt\/index.php?rest_route=%2Fwp%2Fv2%2Fmedia&parent=1582"}],"curies":[{"name":"wp","href":"https:\/\/api.w.org\/{rel}","templated":true}]}}

<p>PLANO DE ACTIVIDADES DO CAI &#8211; ANO 2023</p>



<p>Ancorada nos fins estatutários e objetivos regulamentares do CAI e guiada pelo Plano de Ação do mandato dos atuais Órgãos Sociais, a Direcção propõe-se prosseguir a sua acção assente em 3 eixos fundamentais:</p>



<ul class="wp-block-list">
<li>O Eixo Associativo</li>



<li>O Eixo do Lazer</li>



<li>O Eixo das Parcerias e Relações Externas.</li>
</ul>



<p>O EIXO ASSOCIATIVO</p>



<p>Neste domínio, a Direcção irá procurar dinamizar as relações entre todos os sócios e promover a participação de todos no desenvolvimento e consolidação do Clube, propondo-se designadamente:</p>



<ul class="wp-block-list">
<li>Continuar a mobilizar os Sócios para a participação nas atividades do Clube, tendo em vista a promoção do seu bem-estar e qualidade de vida.</li>



<li>Manter a participação na discussão dos assuntos da Federação Portuguesa de Autocaravanismo, em ordem a que esta se converta no forum cimeiro de defesa das causas do autocaravanismo.</li>



<li>Procurar aprofundar o conhecimento dos recursos e competências dos Sócios do Clube, a fim de estes poderem ser úteis à satisfação de eventuais necessidades individuais dos sócios e às necessidades coletivas do Clube,nomeadamente no domínio da sua gestão.</li>



<li>Manter e dinamizar o site, facebook e canal Youtube do CAI.</li>



<li>Manter e revitalizar os projectos: CAI Solidário e CAI Escolinhas.</li>



<li>Providenciar protocolos de interesse para os sócios.</li>
</ul>



<p>O EIXO DO LAZER</p>



<p>Neste vector, a Direcção propõe-se, realizar um conjunto de Passeios/Encontros no decurso do ano, a saber:</p>



<ol class="wp-block-list" type="1">
<li>Nauticampo 2023. 8 a 12 de Fevereiro.</li>



<li>No mês de Março, um Encontro para assinalar o 13º Aniversário do CAI, dias 3, 4 e 5 (Coruche).</li>



<li>Em Abril, Encontro/passeio, dias, 28, 29, 30 e 1 de Maio (Pinhel). (CANCELADO POR QUESTÕES DE LOGISTICA)</li>



<li>Nos dias 2,3 e 4 de Junho, Brejos de Azeitão.</li>



<li>Em Setembro, um reencontro pós-férias, nos dias 22, 23 e 24 de Setembro, em Elvas.</li>



<li>No mês de Novembro, encontro nos dias 24, 25 e 26 Salvaterra</li>



<li>Em Dezembro, encontro nos dias, 7, 8, 9 e 10 Algarve (CANCELADO)</li>
</ol>



<p>O EIXO DAS PARCERIAS E RELAÇÕES EXTERNAS</p>



<p>Neste terceiro domínio, a Direção propõe-se assumir um papel mais proativo na busca de soluções para alguns problemas em torno do autocaravanismo, a saber:</p>



<ul class="wp-block-list">
<li>Promover uma discussão séria entre os Clubes e a FPA sobre as diferentes propostas e modelos de projetos de implementação de ASA.s, de modo a consensualizar um modelo único a ser tutelado pela FPA.<ul><li>Caso não se chegue ao desejado consenso, divulgar e disseminar o projeto elaborado pelo CAI junto de Autarquias e outras entidades potencialmente interessadas e assegurar a assessoria técnica necessária à sua implementação.</li></ul><ul><li>Participar na inauguração de novas ASA.s e noutros eventos de interesse para o autocaravanismo.</li></ul>
<ul class="wp-block-list">
<li>Promover a celebração de protocolos com outras entidades de interesse para os Sócios.</li>
</ul>
</li>
</ul>



<p>A Direcção</p>

<p>PLANO DE ACTIVIDADES DO CAI &#8211; ANO 2023 Ancorada nos fins estatutários e objetivos regulamentares do CAI e guiada pelo Plano de Ação do mandato dos atuais Órgãos Sociais, a Direcção propõe-se prosseguir a sua acção assente em 3 eixos fundamentais: O EIXO ASSOCIATIVO Neste domínio, a Direcção irá procurar dinamizar as relações entre todos &hellip; <a href="http://cai-autocaravanismo.pt/?page_id=1582" class="more-link">Continuar a ler <span class="screen-reader-text">PLANO DE ACTIVIDADES DO CAI &#8211; 2023</span></a></p>
