{"id":1567,"date":"2022-10-12T18:39:44","date_gmt":"2022-10-12T18:39:44","guid":{"rendered":"http:\/\/cai-autocaravanismo.pt\/?page_id=1567"},"modified":"2022-11-19T18:41:29","modified_gmt":"2022-11-19T18:41:29","slug":"o-cai-vai-a-porto-de-mos","status":"publish","type":"page","link":"http:\/\/cai-autocaravanismo.pt\/?page_id=1567","title":{"rendered":"O CAI vai a Porto de M\u00f3s"},"content":{"rendered":"\n<figure class=\"wp-block-image size-large is-resized\"><a href=\"http:\/\/cai-autocaravanismo.pt\/wp-content\/uploads\/2022\/10\/Cratazportomos22-scaled.jpg\"><img loading=\"lazy\" decoding=\"async\" src=\"http:\/\/cai-autocaravanismo.pt\/wp-content\/uploads\/2022\/10\/Cratazportomos22-1024x724.jpg\" alt=\"\" class=\"wp-image-1568\" width=\"684\" height=\"483\" srcset=\"http:\/\/cai-autocaravanismo.pt\/wp-content\/uploads\/2022\/10\/Cratazportomos22-1024x724.jpg 1024w, http:\/\/cai-autocaravanismo.pt\/wp-content\/uploads\/2022\/10\/Cratazportomos22-300x212.jpg 300w, http:\/\/cai-autocaravanismo.pt\/wp-content\/uploads\/2022\/10\/Cratazportomos22-768x543.jpg 768w, http:\/\/cai-autocaravanismo.pt\/wp-content\/uploads\/2022\/10\/Cratazportomos22-1536x1086.jpg 1536w, http:\/\/cai-autocaravanismo.pt\/wp-content\/uploads\/2022\/10\/Cratazportomos22-2048x1448.jpg 2048w\" sizes=\"auto, (max-width: 684px) 100vw, 684px\" \/><\/a><\/figure>\n\n\n\n<p class=\"has-text-align-center has-large-font-size\"><a href=\"http:\/\/cai-autocaravanismo.pt\/?page_id=1492\" data-type=\"page\" data-id=\"1492\"><strong><em><mark style=\"background-color:#e9f2f9\" class=\"has-inline-color has-dark-gray-color\">Inscreva-se aqui<\/mark><\/em><\/strong><\/a><\/p>\n\n\n\n<p><\/p>\n\n\n\n<p><strong><u>Dia 18 de Novembro de 2022<\/u><\/strong><\/p>\n\n\n\n<p><strong>18h00<\/strong> \u2013 Chegada dos participantes ao recinto das festas de Porto de M\u00f3s<\/p>\n\n\n\n<p><strong>Coordenadas:<\/strong>&nbsp;<\/p>\n\n\n\n<p><strong><u>Dia 19 de Novembro de 2022<\/u><\/strong><\/p>\n\n\n\n<p><strong>10h00 <\/strong>\u2013 Sa\u00edda a p\u00e9 para visitar:<\/p>\n\n\n\n<p>\u25e6 Igreja de S\u00e3o Pedro<\/p>\n\n\n\n<p>\u25e6 Mural de Homenagem \u00e1 Batalha de Aljubarrota<\/p>\n\n\n\n<p>\u25e6 Fonte do Castelo<\/p>\n\n\n\n<p>\u25e6 Castelo de Porto de M\u00f3s<\/p>\n\n\n\n<p>\u25e6 Igreja de S\u00e3o Jo\u00e3o<\/p>\n\n\n\n<p>\u25e6 Pra\u00e7a da Rep\u00fablica<\/p>\n\n\n\n<p>\u25e6 Mural 7 s\u00e9culos 7 marcas<\/p>\n\n\n\n<p><strong>13h00 <\/strong>\u2013 Almo\u00e7o livre nas acs<\/p>\n\n\n\n<p><strong>15h00 <\/strong>\u2013 Sa\u00edda a p\u00e9 para visitar:<\/p>\n\n\n\n<p>\u25e6 Central de artes<\/p>\n\n\n\n<p>\u25e6 Parque Almirante Vitor Trigueiros Crespo<\/p>\n\n\n\n<p>\u25e6 Mural de Homenagem a Am\u00e1lia Rodrigues.<\/p>\n\n\n\n<p>\u25e6 Ermida de St. Ant\u00f3nio.<\/p>\n\n\n\n<p><strong>19h30 &#8211; <\/strong>Jantar<\/p>\n\n\n\n<p><strong>Entradas \u2013 <\/strong>P\u00e3o, azeitonas, fritos e pat\u00ea<\/p>\n\n\n\n<p><strong>Prato Principal \u2013 <\/strong>P\u00e1 de porco no forno c\/ batata assada e arroz de legumes<\/p>\n\n\n\n<p><strong>Doces \u2013 <\/strong>Pudim ou Salada de frutas<\/p>\n\n\n\n<p><strong>Bebidas \u2013 <\/strong>\u00c1gua, Sumo de laranja, Vinho tinto, Vinho branco e caf\u00e9<\/p>\n\n\n\n<p><strong><u>Dia 20 de Novembro de 2022<\/u><\/strong><\/p>\n\n\n\n<p><strong>10h00 \u2013<\/strong> Assembleia Geral do CAI no Audit\u00f3rio da Central de Artes.<\/p>\n\n\n\n<p><strong>13h00 \u2013<\/strong> Almo\u00e7o livre.<\/p>\n\n\n\n<p><strong>O CAI Solid\u00e1rio \u00e9 a favor da Santa Casa da Miseric\u00f3rdia de Porto de M\u00f3s com os bens habituais de primeira necessidade tais como: Arroz, massa, enlatados, papas, bolachas, leite, detergentes, etc<\/strong><\/p>\n\n\n\n<p>Pre\u00e7o por adulto S\u00f3cio- 20.00\u20ac<br \/>Pre\u00e7o por adulto n\u00e3o S\u00f3cio \u2013 25,00\u20ac<br \/>Pre\u00e7o crian\u00e7as dos 5 aos 10 &nbsp;<a><\/a>anos &#8211; 10\u20ac<\/p>\n\n\n\n<p>&nbsp;(Programa sujeito a altera\u00e7\u00f5es\u2026)<\/p>\n\n\n\n<p><br \/><strong><u>PS: A todos os inscritos obrigatoriedade de cumprir as regras da pr\u00e1tica do autocaravanismo<\/u><\/strong><\/p>\n","protected":false},"excerpt":{"rendered":"<p>Inscreva-se aqui Dia 18 de Novembro de 2022 18h00 \u2013 Chegada dos participantes ao recinto das festas de Porto de M\u00f3s Coordenadas:&nbsp; Dia 19 de Novembro de 2022 10h00 \u2013 Sa\u00edda a p\u00e9 para visitar: \u25e6 Igreja de S\u00e3o Pedro \u25e6 Mural de Homenagem \u00e1 Batalha de Aljubarrota \u25e6 Fonte do Castelo \u25e6 Castelo de &hellip; <a href=\"http:\/\/cai-autocaravanismo.pt\/?page_id=1567\" class=\"more-link\">Continuar a ler <span class=\"screen-reader-text\">O CAI vai a Porto de M\u00f3s<\/span><\/a><\/p>\n","protected":false},"author":1,"featured_media":0,"parent":0,"menu_order":0,"comment_status":"closed","ping_status":"closed","template":"","meta":{"footnotes":""},"class_list":["post-1567","page","type-page","status-publish","hentry"],"_links":{"self":[{"href":"http:\/\/cai-autocaravanismo.pt\/index.php?rest_route=\/wp\/v2\/pages\/1567","targetHints":{"allow":["GET"]}}],"collection":[{"href":"http:\/\/cai-autocaravanismo.pt\/index.php?rest_route=\/wp\/v2\/pages"}],"about":[{"href":"http:\/\/cai-autocaravanismo.pt\/index.php?rest_route=\/wp\/v2\/types\/page"}],"author":[{"embeddable":true,"href":"http:\/\/cai-autocaravanismo.pt\/index.php?rest_route=\/wp\/v2\/users\/1"}],"replies":[{"embeddable":true,"href":"http:\/\/cai-autocaravanismo.pt\/index.php?rest_route=%2Fwp%2Fv2%2Fcomments&post=1567"}],"version-history":[{"count":3,"href":"http:\/\/cai-autocaravanismo.pt\/index.php?rest_route=\/wp\/v2\/pages\/1567\/revisions"}],"predecessor-version":[{"id":1574,"href":"http:\/\/cai-autocaravanismo.pt\/index.php?rest_route=\/wp\/v2\/pages\/1567\/revisions\/1574"}],"wp:attachment":[{"href":"http:\/\/cai-autocaravanismo.pt\/index.php?rest_route=%2Fwp%2Fv2%2Fmedia&parent=1567"}],"curies":[{"name":"wp","href":"https:\/\/api.w.org\/{rel}","templated":true}]}}