{"id":1522,"date":"2022-08-20T09:45:05","date_gmt":"2022-08-20T09:45:05","guid":{"rendered":"http:\/\/cai-autocaravanismo.pt\/?page_id=1522"},"modified":"2022-08-20T09:45:05","modified_gmt":"2022-08-20T09:45:05","slug":"plano-de-actividades-do-cai-2015","status":"publish","type":"page","link":"http:\/\/cai-autocaravanismo.pt\/?page_id=1522","title":{"rendered":"PLANO DE ACTIVIDADES DO CAI -2015"},"content":{"rendered":"\n<p>A Direc\u00e7\u00e3o prop\u00f5e-se prosseguir a sua ac\u00e7\u00e3o assente em 3 eixos fundamentais:<\/p>\n\n\n\n<ul class=\"wp-block-list\"><li>O Eixo Associativo<\/li><li>O Eixo do Lazer<\/li><li>O Eixo das Parcerias e Rela\u00e7\u00f5es Externas.<\/li><\/ul>\n\n\n\n<p><strong>O EIXO ASSOCIATIVO<\/strong><\/p>\n\n\n\n<p>Neste do m\u00ednio, a Direc\u00e7\u00e3o ir\u00e1 promover o incremento e consolida\u00e7\u00e3o da vida interna do Clube, propondo-se designadamente:<\/p>\n\n\n\n<ol class=\"wp-block-list\" type=\"a\"><li>Continuar a procurar mobilizar todos os S\u00f3cios para a din\u00e2mica do Clube e motiv\u00e1-los para sua participa\u00e7\u00e3o e coes\u00e3o entre todos.<\/li><li>Angariar novos S\u00f3cios para o Clube e proceder ao seu acolhimento e integra\u00e7\u00e3o s\u00f3cio-relacional no Grupo (Cujo o objectivo da Direc\u00e7\u00e3o \u00e9 as 100 autocaravanas, at\u00e9 ao final do mandato).<\/li><li>Continuar a participar e ajudar na discuss\u00e3o dos assuntos da Federa\u00e7\u00e3o Portuguesa de Autocaravanismo, no sentido do seu fortalecimento.<\/li><li>Criar objectos e pe\u00e7as pr\u00f3prios do CAI, tais como t-shirts, bon\u00e9s, porta-chaves e outros brindes que reforcem a marca identit\u00e1ria CAI e possam ao mesmo tempo contribuir para a angaria\u00e7\u00e3o de fundos para o Clube.<\/li><li>Manter e dinamizar o site, facebook e canal Youtube do CAI.<\/li><\/ol>\n\n\n\n<p><strong>O EIXO DO LAZER<\/strong><\/p>\n\n\n\n<p>Neste vector, a Direc\u00e7\u00e3o prop\u00f5e-se, com a colabora\u00e7\u00e3o de todos os S\u00f3cios, realizar um conjunto de Passeios\/Encontros no decurso do ano, a saber:<\/p>\n\n\n\n<ol class=\"wp-block-list\" type=\"a\"><li>No m\u00eas de Fevereiro, um Encontro destinado a assinalar o 5\u00ba Anivers\u00e1rio do CAI, em Coruche. 20, 21 e 22 de Fevereiro<\/li><li>Em Mar\u00e7o, Assembleia Geral ordin\u00e1ria referente \u00e0 discuss\u00e3o e aprova\u00e7\u00e3o do Relat\u00f3rio e Contas relativo a 2013. (28 ou 29 de Mar\u00e7o)<\/li><li>No m\u00eas de Abril, um Passeio\/Encontro, 30 a 3 de Maio (Algarve)<\/li><li>Em Junho, um Passeio\/Encontro. 5 a 7 de Junho (Crato e flor da rosa)<\/li><li>Em Setembro, um Passeio\/ reencontro p\u00f3s-f\u00e9rias, Zona do Alentejo. 25 a 27 de Setembro. (seixal)<\/li><li>No m\u00eas de Novembro, um Encontro\/Conv\u00edvio, com a realiza\u00e7\u00e3o da Assembleia Geral destinada \u00e0 discuss\u00e3o e aprova\u00e7\u00e3o do Plano de Actividades e Or\u00e7amento para 2016. (Portel) 27 a 29 de Novembro (Feira do montado)<\/li><li>Em Dezembro, Encontro para passagem de ano. (Zona ainda a designar) 31 a 3 de Janeiro.<\/li><\/ol>\n\n\n\n<p>Para al\u00e9m destes eventos aqui delineados, a Direc\u00e7\u00e3o prop\u00f5e-se aderir e promover\u00e1 iniciativas para as quais seja convidado e que se inscrevam no \u00e2mbito dos objectivos do Clube, como seja a inaugura\u00e7\u00e3o de \u00e1reas de servi\u00e7o, e parcerias com a C\u00e2mara Municipal de Coruche.<\/p>\n\n\n\n<p><strong>O EIXO DAS PARCERIAS E RELA\u00c7\u00d5ES EXTERNAS<\/strong><\/p>\n\n\n\n<p>A Direc\u00e7\u00e3o, no quadro dos seus objectivos e do Plano de Ac\u00e7\u00e3o a que se prop\u00f4s, ir\u00e1 empenhar-se no estabelecimento de parcerias:<\/p>\n\n\n\n<ul class=\"wp-block-list\" type=\"a\"><li>Com a C\u00e2mara Municipal de Coruche, na qual o Clube est\u00e1 sediado, assumindo-se o CAI como uma organiza\u00e7\u00e3o dinamizadora e disseminadora da riqueza cultural e tur\u00edstica do Concelho.<\/li><li>Com as diferentes Autarquias do pa\u00eds, tendo em vista a cria\u00e7\u00e3o de novas \u00e1reas de servi\u00e7os e a facilita\u00e7\u00e3o da riqueza cultural e paisag\u00edstica de cada regi\u00e3o.<\/li><li>Com as Superf\u00edcies Comerciais, parceiros interessados em captar novos clientes, podendo oferecer, em contrapartida, condi\u00e7\u00f5es de higiene e abastecimento ao autocaravanismo, aderindo \u00e0 cria\u00e7\u00e3o da respectiva \u00e1rea de servi\u00e7o.<\/li><li>Com as Empresas de Agro-turismo, propondo-lhes a cria\u00e7\u00e3o de \u00e1reas de servi\u00e7o no meio ambiental e ecol\u00f3gico de excel\u00eancia das suas Quintas, tendo como contrapartida a promo\u00e7\u00e3o e venda dos seus produtos.<\/li><li>Com outras Entidades da \u00e1rea da manuten\u00e7\u00e3o, seguros e venda de produtos para autocaravanas, no sentido do estabelecimento de protocolos que assegurem vantagens aos S\u00f3cios do CAI.<\/li><\/ul>\n\n\n\n<p>&nbsp;A Direc\u00e7\u00e3o<\/p>\n","protected":false},"excerpt":{"rendered":"<p>A Direc\u00e7\u00e3o prop\u00f5e-se prosseguir a sua ac\u00e7\u00e3o assente em 3 eixos fundamentais: O Eixo Associativo O Eixo do Lazer O Eixo das Parcerias e Rela\u00e7\u00f5es Externas. O EIXO ASSOCIATIVO Neste do m\u00ednio, a Direc\u00e7\u00e3o ir\u00e1 promover o incremento e consolida\u00e7\u00e3o da vida interna do Clube, propondo-se designadamente: Continuar a procurar mobilizar todos os S\u00f3cios para &hellip; <a href=\"http:\/\/cai-autocaravanismo.pt\/?page_id=1522\" class=\"more-link\">Continuar a ler <span class=\"screen-reader-text\">PLANO DE ACTIVIDADES DO CAI -2015<\/span><\/a><\/p>\n","protected":false},"author":1,"featured_media":0,"parent":0,"menu_order":0,"comment_status":"closed","ping_status":"closed","template":"","meta":{"footnotes":""},"class_list":["post-1522","page","type-page","status-publish","hentry"],"_links":{"self":[{"href":"http:\/\/cai-autocaravanismo.pt\/index.php?rest_route=\/wp\/v2\/pages\/1522","targetHints":{"allow":["GET"]}}],"collection":[{"href":"http:\/\/cai-autocaravanismo.pt\/index.php?rest_route=\/wp\/v2\/pages"}],"about":[{"href":"http:\/\/cai-autocaravanismo.pt\/index.php?rest_route=\/wp\/v2\/types\/page"}],"author":[{"embeddable":true,"href":"http:\/\/cai-autocaravanismo.pt\/index.php?rest_route=\/wp\/v2\/users\/1"}],"replies":[{"embeddable":true,"href":"http:\/\/cai-autocaravanismo.pt\/index.php?rest_route=%2Fwp%2Fv2%2Fcomments&post=1522"}],"version-history":[{"count":1,"href":"http:\/\/cai-autocaravanismo.pt\/index.php?rest_route=\/wp\/v2\/pages\/1522\/revisions"}],"predecessor-version":[{"id":1523,"href":"http:\/\/cai-autocaravanismo.pt\/index.php?rest_route=\/wp\/v2\/pages\/1522\/revisions\/1523"}],"wp:attachment":[{"href":"http:\/\/cai-autocaravanismo.pt\/index.php?rest_route=%2Fwp%2Fv2%2Fmedia&parent=1522"}],"curies":[{"name":"wp","href":"https:\/\/api.w.org\/{rel}","templated":true}]}}

<p>A Direcção propõe-se prosseguir a sua acção assente em 3 eixos fundamentais:</p>



<ul class="wp-block-list"><li>O Eixo Associativo</li><li>O Eixo do Lazer</li><li>O Eixo das Parcerias e Relações Externas.</li></ul>



<p><strong>O EIXO ASSOCIATIVO</strong></p>



<p>Neste do mínio, a Direcção irá promover o incremento e consolidação da vida interna do Clube, propondo-se designadamente:</p>



<ol class="wp-block-list" type="a"><li>Continuar a procurar mobilizar todos os Sócios para a dinâmica do Clube e motivá-los para sua participação e coesão entre todos.</li><li>Angariar novos Sócios para o Clube e proceder ao seu acolhimento e integração sócio-relacional no Grupo (Cujo o objectivo da Direcção é as 100 autocaravanas, até ao final do mandato).</li><li>Continuar a participar e ajudar na discussão dos assuntos da Federação Portuguesa de Autocaravanismo, no sentido do seu fortalecimento.</li><li>Criar objectos e peças próprios do CAI, tais como t-shirts, bonés, porta-chaves e outros brindes que reforcem a marca identitária CAI e possam ao mesmo tempo contribuir para a angariação de fundos para o Clube.</li><li>Manter e dinamizar o site, facebook e canal Youtube do CAI.</li></ol>



<p><strong>O EIXO DO LAZER</strong></p>



<p>Neste vector, a Direcção propõe-se, com a colaboração de todos os Sócios, realizar um conjunto de Passeios/Encontros no decurso do ano, a saber:</p>



<ol class="wp-block-list" type="a"><li>No mês de Fevereiro, um Encontro destinado a assinalar o 5º Aniversário do CAI, em Coruche. 20, 21 e 22 de Fevereiro</li><li>Em Março, Assembleia Geral ordinária referente à discussão e aprovação do Relatório e Contas relativo a 2013. (28 ou 29 de Março)</li><li>No mês de Abril, um Passeio/Encontro, 30 a 3 de Maio (Algarve)</li><li>Em Junho, um Passeio/Encontro. 5 a 7 de Junho (Crato e flor da rosa)</li><li>Em Setembro, um Passeio/ reencontro pós-férias, Zona do Alentejo. 25 a 27 de Setembro. (seixal)</li><li>No mês de Novembro, um Encontro/Convívio, com a realização da Assembleia Geral destinada à discussão e aprovação do Plano de Actividades e Orçamento para 2016. (Portel) 27 a 29 de Novembro (Feira do montado)</li><li>Em Dezembro, Encontro para passagem de ano. (Zona ainda a designar) 31 a 3 de Janeiro.</li></ol>



<p>Para além destes eventos aqui delineados, a Direcção propõe-se aderir e promoverá iniciativas para as quais seja convidado e que se inscrevam no âmbito dos objectivos do Clube, como seja a inauguração de áreas de serviço, e parcerias com a Câmara Municipal de Coruche.</p>



<p><strong>O EIXO DAS PARCERIAS E RELAÇÕES EXTERNAS</strong></p>



<p>A Direcção, no quadro dos seus objectivos e do Plano de Acção a que se propôs, irá empenhar-se no estabelecimento de parcerias:</p>



<ul class="wp-block-list" type="a"><li>Com a Câmara Municipal de Coruche, na qual o Clube está sediado, assumindo-se o CAI como uma organização dinamizadora e disseminadora da riqueza cultural e turística do Concelho.</li><li>Com as diferentes Autarquias do país, tendo em vista a criação de novas áreas de serviços e a facilitação da riqueza cultural e paisagística de cada região.</li><li>Com as Superfícies Comerciais, parceiros interessados em captar novos clientes, podendo oferecer, em contrapartida, condições de higiene e abastecimento ao autocaravanismo, aderindo à criação da respectiva área de serviço.</li><li>Com as Empresas de Agro-turismo, propondo-lhes a criação de áreas de serviço no meio ambiental e ecológico de excelência das suas Quintas, tendo como contrapartida a promoção e venda dos seus produtos.</li><li>Com outras Entidades da área da manutenção, seguros e venda de produtos para autocaravanas, no sentido do estabelecimento de protocolos que assegurem vantagens aos Sócios do CAI.</li></ul>



<p>&nbsp;A Direcção</p>

<p>A Direcção propõe-se prosseguir a sua acção assente em 3 eixos fundamentais: O Eixo Associativo O Eixo do Lazer O Eixo das Parcerias e Relações Externas. O EIXO ASSOCIATIVO Neste do mínio, a Direcção irá promover o incremento e consolidação da vida interna do Clube, propondo-se designadamente: Continuar a procurar mobilizar todos os Sócios para &hellip; <a href="http://cai-autocaravanismo.pt/?page_id=1522" class="more-link">Continuar a ler <span class="screen-reader-text">PLANO DE ACTIVIDADES DO CAI -2015</span></a></p>
