{"id":1506,"date":"2022-08-20T09:15:36","date_gmt":"2022-08-20T09:15:36","guid":{"rendered":"http:\/\/cai-autocaravanismo.pt\/?page_id=1506"},"modified":"2022-08-20T09:15:36","modified_gmt":"2022-08-20T09:15:36","slug":"plano-de-actividades-do-cai-2019","status":"publish","type":"page","link":"http:\/\/cai-autocaravanismo.pt\/?page_id=1506","title":{"rendered":"PLANO DE ACTIVIDADES DO CAI &#8211; 2019"},"content":{"rendered":"\n<p>A Direc\u00e7\u00e3o prop\u00f5e-se prosseguir a sua ac\u00e7\u00e3o assente em 3 eixos fundamentais:<\/p>\n\n\n\n<ul class=\"wp-block-list\"><li>O Eixo Associativo<\/li><li>O Eixo do Lazer<\/li><li>O Eixo das Parcerias e Rela\u00e7\u00f5es Externas.<\/li><\/ul>\n\n\n\n<p><strong>O EIXO ASSOCIATIVO<\/strong><\/p>\n\n\n\n<p>Neste dom\u00ednio, a Direc\u00e7\u00e3o ir\u00e1 promover o incremento e consolida\u00e7\u00e3o da vida interna do Clube, propondo-se designadamente:<\/p>\n\n\n\n<ol class=\"wp-block-list\"><li>Continuar a procurar mobilizar os S\u00f3cios para a din\u00e2mica do Clube e motiv\u00e1-los para sua participa\u00e7\u00e3o e coes\u00e3o entre todos.<\/li><li>Continuaremos a participar e ajudar na discuss\u00e3o dos assuntos da Federa\u00e7\u00e3o Portuguesa de Autocaravanismo, no sentido do seu fortalecimento.<\/li><li>Manter e dinamizar o site, facebook e canal Youtube do CAI.<\/li><li>Manter e voltar a dinamizar os projectos: CAI Solid\u00e1rio e CAI Escolinhas.<\/li><\/ol>\n\n\n\n<p><strong>O EIXO DO LAZER<\/strong><\/p>\n\n\n\n<p>Neste vector, a Direc\u00e7\u00e3o prop\u00f5e-se, realizar um conjunto de Passeios\/Encontros no decurso do ano, a saber:<\/p>\n\n\n\n<ol class=\"wp-block-list\"><li>No m\u00eas de Mar\u00e7o, um Encontro para assinalar o 9\u00ba Anivers\u00e1rio do CAI, dias 1, 2, e 3, (Coruche).<\/li><li>No m\u00eas de Mar\u00e7o participa\u00e7\u00e3o do CAI da BTL Bolsa de Turismo de Lisboa em parceria com a CMC<\/li><li>No m\u00eas de Abril possibilidade de participa\u00e7\u00e3o do CAI na Nauticampo<\/li><li>Em Maio, Encontro\/passeio, dias, 3, 4 e 5 (Local a designar)<\/li><li>Em Setembro, um Passeio\/reencontro p\u00f3s-f\u00e9rias, nos dias 25, 26 e 27 (Pont\u00e9vel\/Cartaxo)<\/li><li>No m\u00eas de Novembro, participa\u00e7\u00e3o do CAI no dia mundial do Enoturismo, nos dias 8,9 e 10(Coruche)<\/li><li>Em Dezembro, Encontro para passagem de ano, (local a designar) 31 e 1 de Janeiro.<\/li><\/ol>\n\n\n\n<p><strong>O EIXO DAS PARCERIAS E RELA\u00c7\u00d5ES EXTERNAS<\/strong><\/p>\n\n\n\n<p>Neste eixo a Direc\u00e7\u00e3o prop\u00f5e-se aderir a iniciativas para as quais seja convidado e que se inscrevam no \u00e2mbito dos objectivos do Clube, como seja a inaugura\u00e7\u00e3o de \u00e1reas de servi\u00e7o, e parcerias com a C\u00e2mara Municipal de Coruche e FPA \u2013 Federa\u00e7\u00e3o Portuguesa de Autocaravanismo, e com todas as entidades que assegurem vantagens para o autocaravanismo.<\/p>\n\n\n\n<p>A Direc\u00e7\u00e3o<\/p>\n","protected":false},"excerpt":{"rendered":"<p>A Direc\u00e7\u00e3o prop\u00f5e-se prosseguir a sua ac\u00e7\u00e3o assente em 3 eixos fundamentais: O Eixo Associativo O Eixo do Lazer O Eixo das Parcerias e Rela\u00e7\u00f5es Externas. O EIXO ASSOCIATIVO Neste dom\u00ednio, a Direc\u00e7\u00e3o ir\u00e1 promover o incremento e consolida\u00e7\u00e3o da vida interna do Clube, propondo-se designadamente: Continuar a procurar mobilizar os S\u00f3cios para a din\u00e2mica &hellip; <a href=\"http:\/\/cai-autocaravanismo.pt\/?page_id=1506\" class=\"more-link\">Continuar a ler <span class=\"screen-reader-text\">PLANO DE ACTIVIDADES DO CAI &#8211; 2019<\/span><\/a><\/p>\n","protected":false},"author":1,"featured_media":0,"parent":0,"menu_order":0,"comment_status":"closed","ping_status":"closed","template":"","meta":{"footnotes":""},"class_list":["post-1506","page","type-page","status-publish","hentry"],"_links":{"self":[{"href":"http:\/\/cai-autocaravanismo.pt\/index.php?rest_route=\/wp\/v2\/pages\/1506","targetHints":{"allow":["GET"]}}],"collection":[{"href":"http:\/\/cai-autocaravanismo.pt\/index.php?rest_route=\/wp\/v2\/pages"}],"about":[{"href":"http:\/\/cai-autocaravanismo.pt\/index.php?rest_route=\/wp\/v2\/types\/page"}],"author":[{"embeddable":true,"href":"http:\/\/cai-autocaravanismo.pt\/index.php?rest_route=\/wp\/v2\/users\/1"}],"replies":[{"embeddable":true,"href":"http:\/\/cai-autocaravanismo.pt\/index.php?rest_route=%2Fwp%2Fv2%2Fcomments&post=1506"}],"version-history":[{"count":1,"href":"http:\/\/cai-autocaravanismo.pt\/index.php?rest_route=\/wp\/v2\/pages\/1506\/revisions"}],"predecessor-version":[{"id":1507,"href":"http:\/\/cai-autocaravanismo.pt\/index.php?rest_route=\/wp\/v2\/pages\/1506\/revisions\/1507"}],"wp:attachment":[{"href":"http:\/\/cai-autocaravanismo.pt\/index.php?rest_route=%2Fwp%2Fv2%2Fmedia&parent=1506"}],"curies":[{"name":"wp","href":"https:\/\/api.w.org\/{rel}","templated":true}]}}

<p>A Direcção propõe-se prosseguir a sua acção assente em 3 eixos fundamentais:</p>



<ul class="wp-block-list"><li>O Eixo Associativo</li><li>O Eixo do Lazer</li><li>O Eixo das Parcerias e Relações Externas.</li></ul>



<p><strong>O EIXO ASSOCIATIVO</strong></p>



<p>Neste domínio, a Direcção irá promover o incremento e consolidação da vida interna do Clube, propondo-se designadamente:</p>



<ol class="wp-block-list"><li>Continuar a procurar mobilizar os Sócios para a dinâmica do Clube e motivá-los para sua participação e coesão entre todos.</li><li>Continuaremos a participar e ajudar na discussão dos assuntos da Federação Portuguesa de Autocaravanismo, no sentido do seu fortalecimento.</li><li>Manter e dinamizar o site, facebook e canal Youtube do CAI.</li><li>Manter e voltar a dinamizar os projectos: CAI Solidário e CAI Escolinhas.</li></ol>



<p><strong>O EIXO DO LAZER</strong></p>



<p>Neste vector, a Direcção propõe-se, realizar um conjunto de Passeios/Encontros no decurso do ano, a saber:</p>



<ol class="wp-block-list"><li>No mês de Março, um Encontro para assinalar o 9º Aniversário do CAI, dias 1, 2, e 3, (Coruche).</li><li>No mês de Março participação do CAI da BTL Bolsa de Turismo de Lisboa em parceria com a CMC</li><li>No mês de Abril possibilidade de participação do CAI na Nauticampo</li><li>Em Maio, Encontro/passeio, dias, 3, 4 e 5 (Local a designar)</li><li>Em Setembro, um Passeio/reencontro pós-férias, nos dias 25, 26 e 27 (Pontével/Cartaxo)</li><li>No mês de Novembro, participação do CAI no dia mundial do Enoturismo, nos dias 8,9 e 10(Coruche)</li><li>Em Dezembro, Encontro para passagem de ano, (local a designar) 31 e 1 de Janeiro.</li></ol>



<p><strong>O EIXO DAS PARCERIAS E RELAÇÕES EXTERNAS</strong></p>



<p>Neste eixo a Direcção propõe-se aderir a iniciativas para as quais seja convidado e que se inscrevam no âmbito dos objectivos do Clube, como seja a inauguração de áreas de serviço, e parcerias com a Câmara Municipal de Coruche e FPA – Federação Portuguesa de Autocaravanismo, e com todas as entidades que assegurem vantagens para o autocaravanismo.</p>



<p>A Direcção</p>

<p>A Direcção propõe-se prosseguir a sua acção assente em 3 eixos fundamentais: O Eixo Associativo O Eixo do Lazer O Eixo das Parcerias e Relações Externas. O EIXO ASSOCIATIVO Neste domínio, a Direcção irá promover o incremento e consolidação da vida interna do Clube, propondo-se designadamente: Continuar a procurar mobilizar os Sócios para a dinâmica &hellip; <a href="http://cai-autocaravanismo.pt/?page_id=1506" class="more-link">Continuar a ler <span class="screen-reader-text">PLANO DE ACTIVIDADES DO CAI &#8211; 2019</span></a></p>
