{"id":1471,"date":"2022-08-19T18:37:35","date_gmt":"2022-08-19T18:37:35","guid":{"rendered":"http:\/\/cai-autocaravanismo.pt\/?page_id=1471"},"modified":"2022-08-19T18:37:50","modified_gmt":"2022-08-19T18:37:50","slug":"plano-de-actividades-do-cai-2020","status":"publish","type":"page","link":"http:\/\/cai-autocaravanismo.pt\/?page_id=1471","title":{"rendered":"PLANO DE ACTIVIDADES DO CAI &#8211; 2020"},"content":{"rendered":"\n<p>A Direc\u00e7\u00e3o prop\u00f5e-se prosseguir a sua ac\u00e7\u00e3o assente em 3 eixos fundamentais:<\/p>\n\n\n\n<ul class=\"wp-block-list\"><li>O Eixo Associativo<\/li><li>O Eixo do Lazer<\/li><li>O Eixo das Parcerias e Rela\u00e7\u00f5es Externas.<\/li><\/ul>\n\n\n\n<p><strong>O EIXO ASSOCIATIVO<\/strong><\/p>\n\n\n\n<p>Neste dom\u00ednio, a Direc\u00e7\u00e3o ir\u00e1 promover o incremento e consolida\u00e7\u00e3o da vida interna do Clube, propondo-se designadamente:<\/p>\n\n\n\n<ol class=\"wp-block-list\"><li>Continuar a procurar mobilizar os S\u00f3cios para a din\u00e2mica do Clube e motiv\u00e1-los para sua participa\u00e7\u00e3o e coes\u00e3o entre todos.<\/li><li>Continuaremos a participar e ajudar na discuss\u00e3o dos assuntos da Federa\u00e7\u00e3o Portuguesa de Autocaravanismo, no sentido do seu fortalecimento.<\/li><li>Manter e dinamizar o site, facebook e canal Youtube do CAI.<\/li><li>Manter e voltar a dinamizar os projectos: CAI Solid\u00e1rio e CAI Escolinhas.<\/li><li>Providenciar protocolos de interesse para os s\u00f3cios.<\/li><\/ol>\n\n\n\n<p><strong>O EIXO DO LAZER<\/strong><\/p>\n\n\n\n<p>Neste vector, a Direc\u00e7\u00e3o prop\u00f5e-se, realizar um conjunto de Passeios\/Encontros no decurso do ano, a saber:<\/p>\n\n\n\n<ol class=\"wp-block-list\"><li>No m\u00eas de Fevereiro (12 a 16), participa\u00e7\u00e3o do CAI na Nauticampo em conjunto com a FPA<\/li><li>No m\u00eas de Fevereiro, um Encontro para assinalar o 10\u00ba Anivers\u00e1rio do CAI, dias 21,22 e 23 (Coruche).<\/li><li>No m\u00eas de Mar\u00e7o possibilidade da participa\u00e7\u00e3o do CAI da BTL, Bolsa de Turismo de Lisboa.<\/li><li>Em Abril, Encontro\/passeio, dias, 17, 18 e 19 em Porto de M\u00f3s.<\/li><li>Nos dias 29, 30 e 31 de Maio, Encontro\/passeio em conjunto com o CAS \u2013 Clube Autocarvanista Saloio em Salvaterra de Magos.<\/li><li>Em Junho, nos dia 20, 21 e 22, possibilidade de participa\u00e7\u00e3o no Anivers\u00e1rio da Federa\u00e7\u00e3o Portuguesa de Autocaravanismo.<\/li><li>Em Outubro, um reencontro p\u00f3s-f\u00e9rias, nos dias 2,3,4 e 5, em Gois.<\/li><li>No m\u00eas de Novembro, encontro nos dias 20, 21 e 22, em Rio Maior.<\/li><li>Em Dezembro, Encontro para passagem de ano, (local a designar) 31, 1, 2 e 3 de Janeiro.<\/li><\/ol>\n\n\n\n<p><strong>O EIXO DAS PARCERIAS E RELA\u00c7\u00d5ES EXTERNAS<\/strong><\/p>\n\n\n\n<p>Neste eixo a Direc\u00e7\u00e3o prop\u00f5e-se aderir a iniciativas para as quais seja convidado e que se inscrevam no \u00e2mbito dos objectivos do Clube, como seja a inaugura\u00e7\u00e3o de \u00e1reas de servi\u00e7o, e parcerias com a C\u00e2mara Municipal de Coruche e FPA \u2013 Federa\u00e7\u00e3o Portuguesa de Autocaravanismo e com todas as entidades que assegurem vantagens para o Autocaravanismo, como seja providenciar protocolos de interesse para os s\u00f3cios.<\/p>\n\n\n\n<p>&nbsp;A Direc\u00e7\u00e3o<\/p>\n","protected":false},"excerpt":{"rendered":"<p>A Direc\u00e7\u00e3o prop\u00f5e-se prosseguir a sua ac\u00e7\u00e3o assente em 3 eixos fundamentais: O Eixo Associativo O Eixo do Lazer O Eixo das Parcerias e Rela\u00e7\u00f5es Externas. O EIXO ASSOCIATIVO Neste dom\u00ednio, a Direc\u00e7\u00e3o ir\u00e1 promover o incremento e consolida\u00e7\u00e3o da vida interna do Clube, propondo-se designadamente: Continuar a procurar mobilizar os S\u00f3cios para a din\u00e2mica &hellip; <a href=\"http:\/\/cai-autocaravanismo.pt\/?page_id=1471\" class=\"more-link\">Continuar a ler <span class=\"screen-reader-text\">PLANO DE ACTIVIDADES DO CAI &#8211; 2020<\/span><\/a><\/p>\n","protected":false},"author":1,"featured_media":0,"parent":0,"menu_order":0,"comment_status":"closed","ping_status":"closed","template":"","meta":{"footnotes":""},"class_list":["post-1471","page","type-page","status-publish","hentry"],"_links":{"self":[{"href":"http:\/\/cai-autocaravanismo.pt\/index.php?rest_route=\/wp\/v2\/pages\/1471","targetHints":{"allow":["GET"]}}],"collection":[{"href":"http:\/\/cai-autocaravanismo.pt\/index.php?rest_route=\/wp\/v2\/pages"}],"about":[{"href":"http:\/\/cai-autocaravanismo.pt\/index.php?rest_route=\/wp\/v2\/types\/page"}],"author":[{"embeddable":true,"href":"http:\/\/cai-autocaravanismo.pt\/index.php?rest_route=\/wp\/v2\/users\/1"}],"replies":[{"embeddable":true,"href":"http:\/\/cai-autocaravanismo.pt\/index.php?rest_route=%2Fwp%2Fv2%2Fcomments&post=1471"}],"version-history":[{"count":2,"href":"http:\/\/cai-autocaravanismo.pt\/index.php?rest_route=\/wp\/v2\/pages\/1471\/revisions"}],"predecessor-version":[{"id":1474,"href":"http:\/\/cai-autocaravanismo.pt\/index.php?rest_route=\/wp\/v2\/pages\/1471\/revisions\/1474"}],"wp:attachment":[{"href":"http:\/\/cai-autocaravanismo.pt\/index.php?rest_route=%2Fwp%2Fv2%2Fmedia&parent=1471"}],"curies":[{"name":"wp","href":"https:\/\/api.w.org\/{rel}","templated":true}]}}

<p>A Direcção propõe-se prosseguir a sua acção assente em 3 eixos fundamentais:</p>



<ul class="wp-block-list"><li>O Eixo Associativo</li><li>O Eixo do Lazer</li><li>O Eixo das Parcerias e Relações Externas.</li></ul>



<p><strong>O EIXO ASSOCIATIVO</strong></p>



<p>Neste domínio, a Direcção irá promover o incremento e consolidação da vida interna do Clube, propondo-se designadamente:</p>



<ol class="wp-block-list"><li>Continuar a procurar mobilizar os Sócios para a dinâmica do Clube e motivá-los para sua participação e coesão entre todos.</li><li>Continuaremos a participar e ajudar na discussão dos assuntos da Federação Portuguesa de Autocaravanismo, no sentido do seu fortalecimento.</li><li>Manter e dinamizar o site, facebook e canal Youtube do CAI.</li><li>Manter e voltar a dinamizar os projectos: CAI Solidário e CAI Escolinhas.</li><li>Providenciar protocolos de interesse para os sócios.</li></ol>



<p><strong>O EIXO DO LAZER</strong></p>



<p>Neste vector, a Direcção propõe-se, realizar um conjunto de Passeios/Encontros no decurso do ano, a saber:</p>



<ol class="wp-block-list"><li>No mês de Fevereiro (12 a 16), participação do CAI na Nauticampo em conjunto com a FPA</li><li>No mês de Fevereiro, um Encontro para assinalar o 10º Aniversário do CAI, dias 21,22 e 23 (Coruche).</li><li>No mês de Março possibilidade da participação do CAI da BTL, Bolsa de Turismo de Lisboa.</li><li>Em Abril, Encontro/passeio, dias, 17, 18 e 19 em Porto de Mós.</li><li>Nos dias 29, 30 e 31 de Maio, Encontro/passeio em conjunto com o CAS – Clube Autocarvanista Saloio em Salvaterra de Magos.</li><li>Em Junho, nos dia 20, 21 e 22, possibilidade de participação no Aniversário da Federação Portuguesa de Autocaravanismo.</li><li>Em Outubro, um reencontro pós-férias, nos dias 2,3,4 e 5, em Gois.</li><li>No mês de Novembro, encontro nos dias 20, 21 e 22, em Rio Maior.</li><li>Em Dezembro, Encontro para passagem de ano, (local a designar) 31, 1, 2 e 3 de Janeiro.</li></ol>



<p><strong>O EIXO DAS PARCERIAS E RELAÇÕES EXTERNAS</strong></p>



<p>Neste eixo a Direcção propõe-se aderir a iniciativas para as quais seja convidado e que se inscrevam no âmbito dos objectivos do Clube, como seja a inauguração de áreas de serviço, e parcerias com a Câmara Municipal de Coruche e FPA – Federação Portuguesa de Autocaravanismo e com todas as entidades que assegurem vantagens para o Autocaravanismo, como seja providenciar protocolos de interesse para os sócios.</p>



<p>&nbsp;A Direcção</p>

<p>A Direcção propõe-se prosseguir a sua acção assente em 3 eixos fundamentais: O Eixo Associativo O Eixo do Lazer O Eixo das Parcerias e Relações Externas. O EIXO ASSOCIATIVO Neste domínio, a Direcção irá promover o incremento e consolidação da vida interna do Clube, propondo-se designadamente: Continuar a procurar mobilizar os Sócios para a dinâmica &hellip; <a href="http://cai-autocaravanismo.pt/?page_id=1471" class="more-link">Continuar a ler <span class="screen-reader-text">PLANO DE ACTIVIDADES DO CAI &#8211; 2020</span></a></p>
