{"id":1223,"date":"2022-04-06T18:11:34","date_gmt":"2022-04-06T18:11:34","guid":{"rendered":"http:\/\/cai-autocaravanismo.pt\/?page_id=1223"},"modified":"2022-04-06T18:26:13","modified_gmt":"2022-04-06T18:26:13","slug":"de-mora-a-coruche","status":"publish","type":"page","link":"http:\/\/cai-autocaravanismo.pt\/?page_id=1223","title":{"rendered":"De Mora a Coruche&#8230;"},"content":{"rendered":"\n<div class=\"wp-block-image\"><figure class=\"aligncenter\"><img loading=\"lazy\" decoding=\"async\" width=\"360\" height=\"480\" src=\"http:\/\/cai-autocaravanismo.pt\/wp-content\/uploads\/2022\/04\/cartaz-1.png\" alt=\"\" class=\"wp-image-1224\" srcset=\"http:\/\/cai-autocaravanismo.pt\/wp-content\/uploads\/2022\/04\/cartaz-1.png 360w, http:\/\/cai-autocaravanismo.pt\/wp-content\/uploads\/2022\/04\/cartaz-1-225x300.png 225w\" sizes=\"auto, (max-width: 360px) 100vw, 360px\" \/><\/figure><\/div>\n\n\n\n<p><strong>Dia 22 de Abril \u2013 Sexta \u2013Feira<\/strong><\/p>\n\n\n\n<p><strong>18:00 horas<\/strong> \u2013 Recep\u00e7\u00e3o dos participantes no Parque de Feiras e\nExposi\u00e7\u00f5es de Mora&nbsp;&nbsp;&nbsp;&nbsp;&nbsp;&nbsp;&nbsp;&nbsp;&nbsp;&nbsp;&nbsp;&nbsp;&nbsp;&nbsp;&nbsp;&nbsp; <strong>Coordenadas GPS:<\/strong> 38.946625, -8.161394 <\/p>\n\n\n\n<p><strong>Dia 23 de Abril \u2013 S\u00e1bado<\/strong><\/p>\n\n\n\n<p><strong>9h30 \u2013 <\/strong>Sa\u00edda\nem Autocaravana para visita ao Fluvi\u00e1rio de Mora&nbsp; <\/p>\n\n\n\n<p><strong>10h00 \u2013 <\/strong>Visita\nao Fluvi\u00e1rio de Mora<\/p>\n\n\n\n<p><strong>12h00 \u2013<\/strong> Sa\u00edda do\nFluvi\u00e1rio para o Restaurante<\/p>\n\n\n\n<p><strong>13h00 \u00e0s 17h00 <\/strong>\u00a0\u2013 <strong>Almo\u00e7o conv\u00edvio em Mora \u2013 Restaurante Quinta\u00a0de\u00a0Santo\u00a0Ant\u00f3nio,\u00a0Mora<\/strong><\/p>\n\n\n\n<p><strong>Ementa: <\/strong> <br><strong>Entradas:<\/strong> Queijo paio da regi\u00e3o gr\u00e3o com bacalhau feij\u00e3o frade com atum <\/p>\n\n\n\n<p><strong>Sopa:<\/strong> Do dia<\/p>\n\n\n\n<p><strong>Prato:<\/strong> \u00a0 Carne do alguidar com migas de coentros (especialidade)<br><\/p>\n\n\n\n<p><strong>Bebidas:<\/strong> Vinhos, \u00e1guas, sumos, imperial e caf\u00e9<\/p>\n\n\n\n<p><strong>Sobremesa:<\/strong> Fruta ou Doce<\/p>\n\n\n\n<p><strong>Anima\u00e7\u00e3o com m\u00fasica ao vivo no restaurante\u00a0at\u00e9\u00a0\u00e1s\u00a018h00<\/strong><\/p>\n\n\n\n<p> <strong>Bebidas a seguir ao almo\u00e7o pagas no bar<\/strong><br><\/p>\n\n\n\n<p><strong>18h00 \u2013<\/strong> Regresso das Autocaravanas ao parque de mercados e Feiras e jantar Livre<\/p>\n\n\n\n<p><strong>Dia 24 de Abril \u2013 Domingo<\/strong><\/p>\n\n\n\n<p><strong>10h00<\/strong> \u2013 Visita\nao Museu do Megal\u00edtico<\/p>\n\n\n\n<p><strong>11h30 \u2013<\/strong>\nPasseio pelas ruas de Mora visitando Jardim, Igreja Nossa S\u00aa da Gra\u00e7a, torre do\nRel\u00f3gio.<\/p>\n\n\n\n<p><strong>13h00 \u00e0s 15h00 <\/strong>&nbsp;\u2013 Almo\u00e7o livre<\/p>\n\n\n\n<p><strong>17h00<\/strong> \u2013 Sa\u00edda\nde Mora para a \u00c1rea de servi\u00e7o de Coruche, onde iremos pernoitar, o\nestacionamento ser\u00e1 feito na ASA ou nas traseiras da mesma, caso esteja muitos\nAutocaravanistas.<\/p>\n\n\n\n<p>&nbsp;Jantar Livre<\/p>\n\n\n\n<p><strong>Dia 25 de Abril \u2013 Segunda Feira<\/strong><\/p>\n\n\n\n<p>Ainda aguardamos o programa da C\u00e2mara\nMunicipal de Coruche, mas elaboramos este programa desta forma para participar\nneste dia na Inaugura\u00e7\u00e3o da \u00c1rea de servi\u00e7o da Erra, a pedido do Munic\u00edpio.<\/p>\n\n\n\n<p>Pre\u00e7o por adulto S\u00f3cio- 27.00\u20ac <br>\nPre\u00e7o por adulto n\u00e3o S\u00f3cio \u2013 31,00\u20ac <br>\nPre\u00e7o crian\u00e7as dos 3 aos 10 anos\n&#8211; 14.00\u20ac<\/p>\n\n\n\n<p>(Programa sujeito a\naltera\u00e7\u00f5es\u2026)<\/p>\n\n\n\n<p><br>\n<strong>PS: A todos os inscritos obrigatoriedade\nde cumprir as regras da pr\u00e1tica do autocaravanismo<\/strong><\/p>\n","protected":false},"excerpt":{"rendered":"<p>Dia 22 de Abril \u2013 Sexta \u2013Feira 18:00 horas \u2013 Recep\u00e7\u00e3o dos participantes no Parque de Feiras e Exposi\u00e7\u00f5es de Mora&nbsp;&nbsp;&nbsp;&nbsp;&nbsp;&nbsp;&nbsp;&nbsp;&nbsp;&nbsp;&nbsp;&nbsp;&nbsp;&nbsp;&nbsp;&nbsp; Coordenadas GPS: 38.946625, -8.161394 Dia 23 de Abril \u2013 S\u00e1bado 9h30 \u2013 Sa\u00edda em Autocaravana para visita ao Fluvi\u00e1rio de Mora&nbsp; 10h00 \u2013 Visita ao Fluvi\u00e1rio de Mora 12h00 \u2013 Sa\u00edda do Fluvi\u00e1rio para &hellip; <a href=\"http:\/\/cai-autocaravanismo.pt\/?page_id=1223\" class=\"more-link\">Continuar a ler <span class=\"screen-reader-text\">De Mora a Coruche&#8230;<\/span><\/a><\/p>\n","protected":false},"author":1,"featured_media":0,"parent":344,"menu_order":48,"comment_status":"closed","ping_status":"closed","template":"","meta":{"footnotes":""},"class_list":["post-1223","page","type-page","status-publish","hentry"],"_links":{"self":[{"href":"http:\/\/cai-autocaravanismo.pt\/index.php?rest_route=\/wp\/v2\/pages\/1223","targetHints":{"allow":["GET"]}}],"collection":[{"href":"http:\/\/cai-autocaravanismo.pt\/index.php?rest_route=\/wp\/v2\/pages"}],"about":[{"href":"http:\/\/cai-autocaravanismo.pt\/index.php?rest_route=\/wp\/v2\/types\/page"}],"author":[{"embeddable":true,"href":"http:\/\/cai-autocaravanismo.pt\/index.php?rest_route=\/wp\/v2\/users\/1"}],"replies":[{"embeddable":true,"href":"http:\/\/cai-autocaravanismo.pt\/index.php?rest_route=%2Fwp%2Fv2%2Fcomments&post=1223"}],"version-history":[{"count":3,"href":"http:\/\/cai-autocaravanismo.pt\/index.php?rest_route=\/wp\/v2\/pages\/1223\/revisions"}],"predecessor-version":[{"id":1229,"href":"http:\/\/cai-autocaravanismo.pt\/index.php?rest_route=\/wp\/v2\/pages\/1223\/revisions\/1229"}],"up":[{"embeddable":true,"href":"http:\/\/cai-autocaravanismo.pt\/index.php?rest_route=\/wp\/v2\/pages\/344"}],"wp:attachment":[{"href":"http:\/\/cai-autocaravanismo.pt\/index.php?rest_route=%2Fwp%2Fv2%2Fmedia&parent=1223"}],"curies":[{"name":"wp","href":"https:\/\/api.w.org\/{rel}","templated":true}]}}